CRAN Package Check Results for Package archivist

Last updated on 2022-11-28 19:50:21 CET.

Flavor Version Tinstall Tcheck Ttotal Status Flags
r-devel-linux-x86_64-debian-clang 2.3.6 10.45 93.31 103.76 OK
r-devel-linux-x86_64-debian-gcc 2.3.6 8.94 73.07 82.01 OK
r-devel-linux-x86_64-fedora-clang 2.3.6 150.17 NOTE
r-devel-linux-x86_64-fedora-gcc 2.3.6 160.14 OK
r-devel-windows-x86_64 2.3.6 16.00 156.00 172.00 OK
r-patched-linux-x86_64 2.3.6 12.35 87.43 99.78 OK
r-release-linux-x86_64 2.3.6 10.54 86.16 96.70 OK
r-release-macos-arm64 2.3.6 38.00 OK
r-release-macos-x86_64 2.3.6 53.00 OK
r-release-windows-x86_64 2.3.6 107.00 150.00 257.00 OK
r-oldrel-macos-arm64 2.3.6 43.00 OK
r-oldrel-macos-x86_64 2.3.6 53.00 OK
r-oldrel-windows-ix86+x86_64 2.3.6 21.00 133.00 154.00 OK

Check Details

Version: 2.3.6
Check: Rd cross-references
Result: NOTE
    Undeclared package ‘rmarkdown’ in Rd xrefs
Flavor: r-devel-linux-x86_64-fedora-clang