CRAN Package Check Results for Package approxOT

Last updated on 2023-03-21 19:57:05 CET.

Flavor Version Tinstall Tcheck Ttotal Status Flags
r-devel-linux-x86_64-debian-clang 1.0.2 316.14 88.93 405.07 NOTE
r-devel-linux-x86_64-debian-gcc 1.0.2 228.84 65.92 294.76 NOTE
r-devel-linux-x86_64-fedora-clang 1.0.2 610.31 NOTE
r-devel-linux-x86_64-fedora-gcc 1.0.2 514.48 NOTE
r-devel-windows-x86_64 1.0.2 269.00 138.00 407.00 NOTE
r-patched-linux-x86_64 1.0.2 245.25 92.81 338.06 OK
r-release-linux-x86_64 1.0.2 247.16 93.40 340.56 OK
r-release-macos-arm64 1.0.2 121.00 NOTE
r-release-macos-x86_64 1.0.2 157.00 NOTE
r-release-windows-x86_64 1.0.2 231.00 140.00 371.00 OK
r-oldrel-macos-arm64 1.0.2 123.00 NOTE
r-oldrel-macos-x86_64 1.0.2 151.00 NOTE
r-oldrel-windows-ix86+x86_64 1.0.2 714.00 213.00 927.00 OK

Check Details

Version: 1.0.2
Check: C++ specification
Result: NOTE
     Specified C++14: please drop specification unless essential
Flavors: r-devel-linux-x86_64-debian-clang, r-devel-linux-x86_64-debian-gcc, r-devel-linux-x86_64-fedora-clang, r-devel-linux-x86_64-fedora-gcc, r-devel-windows-x86_64

Version: 1.0.2
Check: installed package size
Result: NOTE
     installed size is 36.1Mb
     sub-directories of 1Mb or more:
     libs 35.8Mb
Flavors: r-release-macos-arm64, r-release-macos-x86_64, r-oldrel-macos-arm64, r-oldrel-macos-x86_64