Last updated on 2024-04-23 20:51:57 CEST.
Flavor | Version | Tinstall | Tcheck | Ttotal | Status | Flags |
---|---|---|---|---|---|---|
r-devel-linux-x86_64-debian-clang | 0.3-3 | 87.10 | 216.64 | 303.74 | NOTE | |
r-devel-linux-x86_64-debian-gcc | 0.3-3 | 64.57 | 159.25 | 223.82 | NOTE | |
r-devel-linux-x86_64-fedora-clang | 0.3-3 | 392.74 | NOTE | |||
r-devel-linux-x86_64-fedora-gcc | 0.3-3 | 397.32 | NOTE | |||
r-prerel-macos-arm64 | 0.3-3 | 94.00 | NOTE | |||
r-prerel-windows-x86_64 | 0.3-3 | 65.00 | 186.00 | 251.00 | NOTE | |
r-patched-linux-x86_64 | 0.3-3 | 81.74 | 205.19 | 286.93 | NOTE | |
r-release-linux-x86_64 | 0.3-3 | 82.75 | 206.11 | 288.86 | OK | |
r-release-macos-arm64 | 0.3-3 | 127.00 | OK | |||
r-release-macos-x86_64 | 0.3-3 | 190.00 | OK | |||
r-release-windows-x86_64 | 0.3-3 | 81.00 | 239.00 | 320.00 | OK | |
r-oldrel-macos-arm64 | 0.3-3 | 104.00 | OK | |||
r-oldrel-windows-x86_64 | 0.3-3 | 74.00 | 231.00 | 305.00 | OK |
Version: 0.3-3
Check: Rd files
Result: NOTE
checkRd: (-1) aphylo-class.Rd:28: Lost braces; missing escapes or markup?
28 | \item{tip.type, node.type}{Integer vectors with values {0,1}. 0 denotes duplication node and 1 speciation node. This is used in \link{LogLike}.}
| ^
checkRd: (-1) raphylo.Rd:33: Lost braces; missing escapes or markup?
33 | \item{tip.type, node.type}{Integer vectors with values {0,1}. 0 denotes duplication node and 1 speciation node. This is used in \link{LogLike}.}
| ^
checkRd: (-1) sim_fun_on_tree.Rd:24: Lost braces; missing escapes or markup?
24 | \item{tip.type, node.type}{Integer vectors with values {0,1}. 0 denotes duplication node and 1 speciation node. This is used in \link{LogLike}.}
| ^
Flavors: r-devel-linux-x86_64-debian-clang, r-devel-linux-x86_64-debian-gcc, r-devel-linux-x86_64-fedora-clang, r-devel-linux-x86_64-fedora-gcc, r-prerel-macos-arm64, r-prerel-windows-x86_64, r-patched-linux-x86_64
Version: 0.3-3
Check: HTML version of manual
Result: NOTE
Found the following HTML validation problems:
mislabel.html:25:1 (mislabel.Rd:20): Warning: trimming empty <p>
raphylo.html:25:1 (raphylo.Rd:57): Warning: trimming empty <p>
sim_fun_on_tree.html:25:1 (sim_fun_on_tree.Rd:50): Warning: trimming empty <p>
Flavors: r-devel-linux-x86_64-debian-clang, r-devel-linux-x86_64-debian-gcc, r-devel-linux-x86_64-fedora-clang, r-devel-linux-x86_64-fedora-gcc, r-prerel-windows-x86_64, r-patched-linux-x86_64