CRAN Package Check Results for Package apache.sedona

Last updated on 2022-09-28 21:51:31 CEST.

Flavor Version Tinstall Tcheck Ttotal Status Flags
r-devel-linux-x86_64-debian-clang 1.2.1 8.24 72.80 81.04 OK
r-devel-linux-x86_64-debian-gcc 1.2.1 6.70 53.86 60.56 OK
r-devel-linux-x86_64-fedora-clang 1.2.1 113.46 NOTE
r-devel-linux-x86_64-fedora-gcc 1.2.1 111.72 NOTE
r-devel-windows-x86_64 1.2.1 68.00 133.00 201.00 OK
r-patched-linux-x86_64 1.2.1 8.84 67.06 75.90 OK
r-release-linux-x86_64 1.2.1 7.13 67.87 75.00 OK
r-release-macos-arm64 1.2.1 58.00 NOTE
r-release-macos-x86_64 1.2.1 71.00 NOTE
r-release-windows-x86_64 1.2.1 54.00 124.00 178.00 OK
r-oldrel-macos-arm64 1.2.1 60.00 NOTE
r-oldrel-macos-x86_64 1.2.1 75.00 NOTE
r-oldrel-windows-ix86+x86_64 1.2.1 21.00 121.00 142.00 OK

Check Details

Version: 1.2.1
Check: dependencies in R code
Result: NOTE
    Namespaces in Imports field not imported from:
     ‘DBI’ ‘dplyr’
     All declared Imports should be used.
Flavors: r-devel-linux-x86_64-fedora-clang, r-devel-linux-x86_64-fedora-gcc, r-release-macos-arm64, r-release-macos-x86_64, r-oldrel-macos-arm64, r-oldrel-macos-x86_64