Last updated on 2024-04-17 20:57:27 CEST.
Flavor | Version | Tinstall | Tcheck | Ttotal | Status | Flags |
---|---|---|---|---|---|---|
r-devel-linux-x86_64-debian-clang | 0.1.3 | 232.05 | 195.12 | 427.17 | OK | |
r-devel-linux-x86_64-debian-gcc | 0.1.3 | 172.06 | 144.82 | 316.88 | OK | |
r-devel-linux-x86_64-fedora-clang | 0.1.3 | 608.65 | OK | |||
r-devel-linux-x86_64-fedora-gcc | 0.1.3 | 648.55 | OK | |||
r-prerel-macos-arm64 | 0.1.3 | 117.00 | NOTE | |||
r-prerel-macos-x86_64 | 0.1.3 | 184.00 | NOTE | |||
r-prerel-windows-x86_64 | 0.1.3 | 167.00 | 180.00 | 347.00 | OK | |
r-patched-linux-x86_64 | 0.1.3 | 235.50 | 183.31 | 418.81 | OK | |
r-release-linux-x86_64 | 0.1.3 | 234.40 | 186.83 | 421.23 | OK | |
r-release-macos-arm64 | 0.1.3 | 117.00 | NOTE | |||
r-release-macos-x86_64 | 0.1.3 | 235.00 | NOTE | |||
r-release-windows-x86_64 | 0.1.3 | 208.00 | 207.00 | 415.00 | OK | |
r-oldrel-macos-arm64 | 0.1.3 | 114.00 | NOTE | |||
r-oldrel-windows-x86_64 | 0.1.3 | 204.00 | 188.00 | 392.00 | OK |
Version: 0.1.3
Check: installed package size
Result: NOTE
installed size is 10.5Mb
sub-directories of 1Mb or more:
libs 9.0Mb
Flavors: r-prerel-macos-arm64, r-prerel-macos-x86_64, r-release-macos-arm64, r-release-macos-x86_64, r-oldrel-macos-arm64