Last updated on 2025-11-23 20:48:41 CET.
| Flavor | Version | Tinstall | Tcheck | Ttotal | Status | Flags |
|---|---|---|---|---|---|---|
| r-devel-linux-x86_64-debian-clang | 1.1.1 | 2.60 | 82.85 | 85.45 | OK | |
| r-devel-linux-x86_64-debian-gcc | 1.1.1 | 2.05 | 0.03 | 2.08 | FAIL | |
| r-devel-linux-x86_64-fedora-clang | 1.1.1 | 119.80 | OK | |||
| r-devel-windows-x86_64 | 1.1.1 | 5.00 | 186.00 | 191.00 | OK | |
| r-patched-linux-x86_64 | 1.1.1 | 2.86 | 73.14 | 76.00 | OK | |
| r-release-linux-x86_64 | 1.1.1 | 2.61 | 72.14 | 74.75 | OK | |
| r-release-macos-arm64 | 1.1.1 | OK | ||||
| r-release-macos-x86_64 | 1.1.1 | 3.00 | 252.00 | 255.00 | OK | |
| r-release-windows-x86_64 | 1.1.1 | 5.00 | 199.00 | 204.00 | OK | |
| r-oldrel-macos-arm64 | 1.1.1 | OK | ||||
| r-oldrel-macos-x86_64 | 1.1.1 | 2.00 | 284.00 | 286.00 | OK | |
| r-oldrel-windows-x86_64 | 1.1.1 | 6.00 | 202.00 | 208.00 | OK |
Version: 1.1.1
Check: re-building of vignette outputs
Result: FAIL
Flavor: r-devel-linux-x86_64-debian-gcc