CRAN Package Check Results for Package anyLib

Last updated on 2022-09-27 21:53:44 CEST.

Flavor Version Tinstall Tcheck Ttotal Status Flags
r-devel-linux-x86_64-debian-clang 1.0.5 2.40 516.90 519.30 NOTE
r-devel-linux-x86_64-debian-gcc 1.0.5 1.86 379.68 381.54 NOTE
r-devel-linux-x86_64-fedora-clang 1.0.5 117.93 NOTE
r-devel-linux-x86_64-fedora-gcc 1.0.5 115.18 NOTE
r-devel-windows-x86_64 1.0.5 8.00 122.00 130.00 NOTE
r-patched-linux-x86_64 1.0.5 2.48 523.61 526.09 NOTE
r-release-linux-x86_64 1.0.5 2.07 469.46 471.53 NOTE
r-release-macos-arm64 1.0.5 139.00 NOTE
r-release-macos-x86_64 1.0.5 98.00 NOTE
r-release-windows-x86_64 1.0.5 7.00 121.00 128.00 NOTE
r-oldrel-macos-arm64 1.0.5 114.00 NOTE
r-oldrel-macos-x86_64 1.0.5 94.00 NOTE
r-oldrel-windows-ix86+x86_64 1.0.5 8.00 245.00 253.00 NOTE

Check Details

Version: 1.0.5
Check: LazyData
Result: NOTE
     'LazyData' is specified without a 'data' directory
Flavors: r-devel-linux-x86_64-debian-clang, r-devel-linux-x86_64-debian-gcc, r-devel-linux-x86_64-fedora-clang, r-devel-linux-x86_64-fedora-gcc, r-devel-windows-x86_64, r-patched-linux-x86_64, r-release-linux-x86_64, r-release-macos-arm64, r-release-macos-x86_64, r-release-windows-x86_64, r-oldrel-macos-arm64, r-oldrel-macos-x86_64, r-oldrel-windows-ix86+x86_64

Version: 1.0.5
Check: dependencies in R code
Result: NOTE
    Namespaces in Imports field not imported from:
     ‘curl’ ‘httr’
     All declared Imports should be used.
Flavors: r-devel-linux-x86_64-fedora-clang, r-devel-linux-x86_64-fedora-gcc, r-release-macos-arm64, r-release-macos-x86_64, r-oldrel-macos-arm64, r-oldrel-macos-x86_64