CRAN Package Check Results for Package antaresRead

Last updated on 2022-11-28 19:50:21 CET.

Flavor Version Tinstall Tcheck Ttotal Status Flags
r-devel-linux-x86_64-debian-clang 2.3.0 13.15 270.07 283.22 OK
r-devel-linux-x86_64-debian-gcc 2.3.0 10.71 191.35 202.06 OK
r-devel-linux-x86_64-fedora-clang 2.3.0 334.28 NOTE
r-devel-linux-x86_64-fedora-gcc 2.3.0 288.73 OK
r-devel-windows-x86_64 2.3.0 78.00 266.00 344.00 NOTE
r-patched-linux-x86_64 2.3.0 11.06 221.88 232.94 OK
r-release-linux-x86_64 2.3.0 14.43 225.08 239.51 OK
r-release-macos-arm64 2.3.0 77.00 NOTE
r-release-macos-x86_64 2.3.0 88.00 NOTE
r-release-windows-x86_64 2.3.0 84.00 251.00 335.00 NOTE
r-oldrel-macos-arm64 2.3.0 75.00 NOTE
r-oldrel-macos-x86_64 2.3.0 91.00 NOTE
r-oldrel-windows-ix86+x86_64 2.3.0 26.00 238.00 264.00 NOTE

Check Details

Version: 2.3.0
Check: installed package size
Result: NOTE
     installed size is 5.1Mb
     sub-directories of 1Mb or more:
     test_v8 2.0Mb
     testdata 2.4Mb
Flavors: r-devel-linux-x86_64-fedora-clang, r-devel-windows-x86_64, r-release-macos-arm64, r-release-macos-x86_64, r-release-windows-x86_64, r-oldrel-macos-arm64, r-oldrel-macos-x86_64, r-oldrel-windows-ix86+x86_64