Last updated on 2025-11-16 01:49:08 CET.
| Flavor | Version | Tinstall | Tcheck | Ttotal | Status | Flags |
|---|---|---|---|---|---|---|
| r-devel-linux-x86_64-debian-clang | 2025.10.17 | 19.60 | 303.31 | 322.91 | OK | |
| r-devel-linux-x86_64-debian-gcc | 2025.10.17 | 13.05 | 201.64 | 214.69 | OK | |
| r-devel-linux-x86_64-fedora-clang | 2025.10.17 | 98.00 | 431.87 | 529.87 | OK | |
| r-devel-linux-x86_64-fedora-gcc | 2025.10.17 | 42.00 | 438.46 | 480.46 | OK | |
| r-devel-windows-x86_64 | 2025.10.17 | 28.00 | 321.00 | 349.00 | OK | |
| r-patched-linux-x86_64 | 2025.10.17 | 24.43 | 290.64 | 315.07 | OK | |
| r-release-linux-x86_64 | 2025.10.17 | 17.66 | 291.19 | 308.85 | OK | |
| r-release-macos-arm64 | 2025.10.17 | 9.00 | 118.00 | 127.00 | OK | |
| r-release-macos-x86_64 | 2025.10.17 | 29.00 | 455.00 | 484.00 | OK | |
| r-release-windows-x86_64 | 2025.10.17 | 24.00 | 324.00 | 348.00 | OK | |
| r-oldrel-macos-arm64 | 2025.10.17 | 16.00 | 127.00 | 143.00 | NOTE | |
| r-oldrel-macos-x86_64 | 2025.10.17 | 44.00 | 414.00 | 458.00 | NOTE | |
| r-oldrel-windows-x86_64 | 2025.10.17 | 35.00 | 418.00 | 453.00 | OK |
Version: 2025.10.17
Check: installed package size
Result: NOTE
installed size is 5.9Mb
sub-directories of 1Mb or more:
data 3.7Mb
Flavors: r-oldrel-macos-arm64, r-oldrel-macos-x86_64