CRAN Package Check Results for Package analyzer

Last updated on 2022-10-03 21:53:31 CEST.

Flavor Version Tinstall Tcheck Ttotal Status Flags
r-devel-linux-x86_64-debian-clang 1.0.1 6.75 101.03 107.78 NOTE
r-devel-linux-x86_64-debian-gcc 1.0.1 5.46 72.67 78.13 NOTE
r-devel-linux-x86_64-fedora-clang 1.0.1 140.45 NOTE
r-devel-linux-x86_64-fedora-gcc 1.0.1 134.96 NOTE
r-devel-windows-x86_64 1.0.1 26.00 126.00 152.00 NOTE
r-patched-linux-x86_64 1.0.1 6.61 89.83 96.44 NOTE
r-release-linux-x86_64 1.0.1 7.00 90.26 97.26 NOTE
r-release-macos-arm64 1.0.1 40.00 NOTE
r-release-macos-x86_64 1.0.1 52.00 NOTE
r-release-windows-x86_64 1.0.1 26.00 120.00 146.00 NOTE
r-oldrel-macos-arm64 1.0.1 54.00 NOTE
r-oldrel-macos-x86_64 1.0.1 79.00 NOTE
r-oldrel-windows-ix86+x86_64 1.0.1 18.00 119.00 137.00 NOTE

Check Details

Version: 1.0.1
Check: LazyData
Result: NOTE
     'LazyData' is specified without a 'data' directory
Flavors: r-devel-linux-x86_64-debian-clang, r-devel-linux-x86_64-debian-gcc, r-devel-linux-x86_64-fedora-clang, r-devel-linux-x86_64-fedora-gcc, r-devel-windows-x86_64, r-patched-linux-x86_64, r-release-linux-x86_64, r-release-macos-arm64, r-release-macos-x86_64, r-release-windows-x86_64, r-oldrel-macos-arm64, r-oldrel-macos-x86_64, r-oldrel-windows-ix86+x86_64