Last updated on 2025-11-02 23:49:30 CET.
| Flavor | Version | Tinstall | Tcheck | Ttotal | Status | Flags |
|---|---|---|---|---|---|---|
| r-devel-linux-x86_64-debian-clang | 0.2.1 | 1.92 | 26.08 | 28.00 | OK | |
| r-devel-linux-x86_64-debian-gcc | 0.2.1 | 1.48 | 20.59 | 22.07 | OK | |
| r-devel-linux-x86_64-fedora-clang | 0.2.1 | 42.74 | OK | |||
| r-devel-linux-x86_64-fedora-gcc | 0.2.1 | 54.26 | OK | |||
| r-devel-windows-x86_64 | 0.2.1 | 3.00 | 43.00 | 46.00 | OK | |
| r-patched-linux-x86_64 | 0.2.1 | 1.93 | 24.41 | 26.34 | OK | |
| r-release-linux-x86_64 | 0.2.1 | 1.83 | 24.51 | 26.34 | OK | |
| r-release-macos-arm64 | 0.2.1 | 1.00 | 22.00 | 23.00 | OK | |
| r-release-macos-x86_64 | 0.2.1 | 2.00 | 41.00 | 43.00 | OK | |
| r-release-windows-x86_64 | 0.2.1 | 3.00 | 43.00 | 46.00 | OK | |
| r-oldrel-macos-arm64 | 0.2.1 | 1.00 | 26.00 | 27.00 | NOTE | |
| r-oldrel-macos-x86_64 | 0.2.1 | 2.00 | 32.00 | 34.00 | NOTE | |
| r-oldrel-windows-x86_64 | 0.2.1 | 3.00 | 41.00 | 44.00 | NOTE |
Version: 0.2.1
Check: LazyData
Result: NOTE
'LazyData' is specified without a 'data' directory
Flavors: r-oldrel-macos-arm64, r-oldrel-macos-x86_64, r-oldrel-windows-x86_64