CRAN Package Check Results for Package altfuelr

Last updated on 2023-12-08 20:55:02 CET.

Flavor Version Tinstall Tcheck Ttotal Status Flags
r-devel-linux-x86_64-debian-clang 0.1.0 5.16 28.39 33.55 OK
r-devel-linux-x86_64-debian-gcc 0.1.0 4.34 22.08 26.42 OK
r-devel-linux-x86_64-fedora-clang 0.1.0 42.57 NOTE
r-devel-linux-x86_64-fedora-gcc 0.1.0 42.02 NOTE
r-devel-windows-x86_64 0.1.0 7.00 44.00 51.00 OK
r-patched-linux-x86_64 0.1.0 6.04 27.86 33.90 OK
r-release-linux-x86_64 0.1.0 6.20 27.74 33.94 OK
r-release-macos-arm64 0.1.0 23.00 OK
r-release-macos-x86_64 0.1.0 31.00 OK
r-release-windows-x86_64 0.1.0 9.00 48.00 57.00 OK
r-oldrel-macos-arm64 0.1.0 21.00 NOTE
r-oldrel-macos-x86_64 0.1.0 29.00 NOTE
r-oldrel-windows-x86_64 0.1.0 9.00 49.00 58.00 OK

Check Details

Version: 0.1.0
Check: data for non-ASCII characters
Result: NOTE Note: found 171 marked UTF-8 strings Flavors: r-devel-linux-x86_64-fedora-clang, r-devel-linux-x86_64-fedora-gcc, r-oldrel-macos-arm64, r-oldrel-macos-x86_64