Last updated on 2024-03-27 19:56:44 CET.
Flavor | Version | Tinstall | Tcheck | Ttotal | Status | Flags |
---|---|---|---|---|---|---|
r-devel-linux-x86_64-debian-clang | 1.0.6 | 12.65 | 100.07 | 112.72 | NOTE | |
r-devel-linux-x86_64-debian-gcc | 1.0.6 | 10.08 | 74.90 | 84.98 | NOTE | |
r-devel-linux-x86_64-fedora-clang | 1.0.6 | 136.47 | NOTE | |||
r-devel-linux-x86_64-fedora-gcc | 1.0.6 | 143.77 | NOTE | |||
r-devel-windows-x86_64 | 1.0.6 | 13.00 | 105.00 | 118.00 | NOTE | |
r-patched-linux-x86_64 | 1.0.6 | 12.27 | 95.60 | 107.87 | NOTE | |
r-release-linux-x86_64 | 1.0.6 | 11.46 | 99.24 | 110.70 | NOTE | |
r-release-macos-arm64 | 1.0.6 | 45.00 | NOTE | |||
r-release-macos-x86_64 | 1.0.6 | 70.00 | NOTE | |||
r-release-windows-x86_64 | 1.0.6 | 15.00 | 127.00 | 142.00 | NOTE | |
r-oldrel-macos-arm64 | 1.0.6 | 41.00 | OK | |||
r-oldrel-windows-x86_64 | 1.0.6 | 16.00 | 135.00 | 151.00 | OK |
Version: 1.0.6
Check: Rd files
Result: NOTE
checkRd: (-1) UN1.Rd:16: Escaped LaTeX specials: \$
checkRd: (-1) rateprof.Rd:64: Escaped LaTeX specials: \&
Flavors: r-devel-linux-x86_64-debian-clang, r-devel-linux-x86_64-debian-gcc, r-devel-linux-x86_64-fedora-clang, r-devel-linux-x86_64-fedora-gcc, r-devel-windows-x86_64, r-patched-linux-x86_64, r-release-linux-x86_64, r-release-macos-arm64, r-release-macos-x86_64, r-release-windows-x86_64