Last updated on 2025-05-06 20:50:34 CEST.
Flavor | Version | Tinstall | Tcheck | Ttotal | Status | Flags |
---|---|---|---|---|---|---|
r-devel-linux-x86_64-debian-clang | 1.2.0 | 8.22 | 74.44 | 82.66 | NOTE | |
r-devel-linux-x86_64-debian-gcc | 1.2.0 | 5.83 | 54.96 | 60.79 | NOTE | |
r-devel-linux-x86_64-fedora-clang | 1.2.0 | 125.52 | OK | |||
r-devel-linux-x86_64-fedora-gcc | 1.2.0 | 119.76 | OK | |||
r-devel-windows-x86_64 | 1.2.0 | 8.00 | 90.00 | 98.00 | OK | |
r-patched-linux-x86_64 | 1.2.0 | 7.63 | 69.78 | 77.41 | OK | |
r-release-linux-x86_64 | 1.2.0 | 8.37 | 70.10 | 78.47 | OK | |
r-release-macos-arm64 | 1.2.0 | 41.00 | OK | |||
r-release-macos-x86_64 | 1.2.0 | 90.00 | OK | |||
r-release-windows-x86_64 | 1.2.0 | 10.00 | 92.00 | 102.00 | OK | |
r-oldrel-macos-arm64 | 1.2.0 | 35.00 | OK | |||
r-oldrel-macos-x86_64 | 1.2.0 | 51.00 | OK | |||
r-oldrel-windows-x86_64 | 1.2.0 | 12.00 | 110.00 | 122.00 | OK |
Version: 1.2.0
Check: CRAN incoming feasibility
Result: NOTE
Maintainer: ‘Andre Rehage <rehage@statistik.tu-dortmund.de>’
No Authors@R field in DESCRIPTION.
Please add one, modifying
Authors@R: c(person(given = "Andre",
family = "Rehage",
role = c("aut", "cre"),
email = "rehage@statistik.tu-dortmund.de"),
person(given = "Sonja",
family = "Kuhnt",
role = "aut"))
as necessary.
Found the following \keyword or \concept entries
which likely give several index terms:
File ‘alphaOutlier-package.Rd’:
\keyword{package
distribution
robust}
Flavors: r-devel-linux-x86_64-debian-clang, r-devel-linux-x86_64-debian-gcc