Last updated on 2024-03-27 19:56:44 CET.
Flavor | Version | Tinstall | Tcheck | Ttotal | Status | Flags |
---|---|---|---|---|---|---|
r-devel-linux-x86_64-debian-clang | 0.3.4 | 56.73 | 50.07 | 106.80 | NOTE | |
r-devel-linux-x86_64-debian-gcc | 0.3.4 | 47.81 | 37.80 | 85.61 | NOTE | |
r-devel-linux-x86_64-fedora-clang | 0.3.4 | 163.69 | NOTE | |||
r-devel-linux-x86_64-fedora-gcc | 0.3.4 | 170.42 | NOTE | |||
r-devel-windows-x86_64 | 0.3.4 | 49.00 | 76.00 | 125.00 | NOTE | |
r-patched-linux-x86_64 | 0.3.4 | 59.69 | 47.19 | 106.88 | NOTE | |
r-release-linux-x86_64 | 0.3.4 | 59.11 | 47.21 | 106.32 | NOTE | |
r-release-macos-arm64 | 0.3.4 | 49.00 | NOTE | |||
r-release-macos-x86_64 | 0.3.4 | 76.00 | NOTE | |||
r-release-windows-x86_64 | 0.3.4 | 62.00 | 85.00 | 147.00 | NOTE | |
r-oldrel-macos-arm64 | 0.3.4 | 40.00 | OK | |||
r-oldrel-windows-x86_64 | 0.3.4 | 59.00 | 86.00 | 145.00 | OK |
Version: 0.3.4
Check: C++ specification
Result: NOTE
Specified C++11: please drop specification unless essential
Flavors: r-devel-linux-x86_64-debian-clang, r-devel-linux-x86_64-debian-gcc, r-devel-linux-x86_64-fedora-clang, r-devel-linux-x86_64-fedora-gcc, r-devel-windows-x86_64, r-patched-linux-x86_64, r-release-linux-x86_64, r-release-macos-arm64, r-release-macos-x86_64, r-release-windows-x86_64