Last updated on 2024-04-18 21:56:44 CEST.
Flavor | Version | Tinstall | Tcheck | Ttotal | Status | Flags |
---|---|---|---|---|---|---|
r-devel-linux-x86_64-debian-clang | 0.2.3 | 12.41 | 174.86 | 187.27 | NOTE | |
r-devel-linux-x86_64-debian-gcc | 0.2.3 | 7.73 | 131.93 | 139.66 | NOTE | |
r-devel-linux-x86_64-fedora-clang | 0.2.3 | 232.41 | NOTE | |||
r-devel-linux-x86_64-fedora-gcc | 0.2.3 | 239.86 | NOTE | |||
r-prerel-macos-arm64 | 0.2.3 | 71.00 | NOTE | |||
r-prerel-windows-x86_64 | 0.2.3 | 11.00 | 156.00 | 167.00 | NOTE | |
r-patched-linux-x86_64 | 0.2.3 | 11.13 | 171.48 | 182.61 | NOTE | |
r-release-linux-x86_64 | 0.2.3 | 7.60 | 173.87 | 181.47 | OK | |
r-release-macos-arm64 | 0.2.3 | 81.00 | OK | |||
r-release-macos-x86_64 | 0.2.3 | 148.00 | OK | |||
r-release-windows-x86_64 | 0.2.3 | 13.00 | 188.00 | 201.00 | OK | |
r-oldrel-macos-arm64 | 0.2.3 | 83.00 | OK | |||
r-oldrel-windows-x86_64 | 0.2.3 | 13.00 | 185.00 | 198.00 | OK |
Version: 0.2.3
Check: Rd files
Result: NOTE
checkRd: (-1) allestimates.Rd:25: Lost braces in \itemize; meant \describe ?
checkRd: (-1) allestimates.Rd:26: Lost braces in \itemize; meant \describe ?
checkRd: (-1) allestimates.Rd:27: Lost braces in \itemize; meant \describe ?
checkRd: (-1) allestimates.Rd:28: Lost braces in \itemize; meant \describe ?
Flavors: r-devel-linux-x86_64-debian-clang, r-devel-linux-x86_64-debian-gcc, r-devel-linux-x86_64-fedora-clang, r-devel-linux-x86_64-fedora-gcc, r-prerel-macos-arm64, r-prerel-windows-x86_64, r-patched-linux-x86_64