Last updated on 2024-03-28 19:48:24 CET.
Flavor | Version | Tinstall | Tcheck | Ttotal | Status | Flags |
---|---|---|---|---|---|---|
r-devel-linux-x86_64-debian-clang | 0.3.0 | 4.34 | 29.61 | 33.95 | NOTE | |
r-devel-linux-x86_64-debian-gcc | 0.3.0 | 3.30 | 23.79 | 27.09 | NOTE | |
r-devel-linux-x86_64-fedora-clang | 0.3.0 | 44.28 | NOTE | |||
r-devel-linux-x86_64-fedora-gcc | 0.3.0 | 56.75 | NOTE | |||
r-devel-windows-x86_64 | 0.3.0 | 4.00 | 45.00 | 49.00 | NOTE | |
r-patched-linux-x86_64 | 0.3.0 | 4.54 | 29.95 | 34.49 | NOTE | |
r-release-linux-x86_64 | 0.3.0 | 4.44 | 27.35 | 31.79 | NOTE | |
r-release-macos-arm64 | 0.3.0 | 25.00 | NOTE | |||
r-release-macos-x86_64 | 0.3.0 | 41.00 | NOTE | |||
r-release-windows-x86_64 | 0.3.0 | 6.00 | 43.00 | 49.00 | NOTE | |
r-oldrel-macos-arm64 | 0.3.0 | 19.00 | NOTE | |||
r-oldrel-windows-x86_64 | 0.3.0 | 8.00 | 50.00 | 58.00 | NOTE |
Version: 0.3.0
Check: LazyData
Result: NOTE
'LazyData' is specified without a 'data' directory
Flavors: r-devel-linux-x86_64-debian-clang, r-devel-linux-x86_64-debian-gcc, r-devel-linux-x86_64-fedora-clang, r-devel-linux-x86_64-fedora-gcc, r-devel-windows-x86_64, r-patched-linux-x86_64, r-release-linux-x86_64, r-release-macos-arm64, r-release-macos-x86_64, r-release-windows-x86_64, r-oldrel-macos-arm64, r-oldrel-windows-x86_64