CRAN Package Check Results for Package algaeClassify

Last updated on 2022-10-06 21:49:46 CEST.

Flavor Version Tinstall Tcheck Ttotal Status Flags
r-devel-linux-x86_64-debian-clang 1.3.2 2.23 36.80 39.03 OK
r-devel-linux-x86_64-debian-gcc 1.3.2 2.52 21.60 24.12 ERROR
r-devel-linux-x86_64-fedora-clang 1.3.2 61.25 OK
r-devel-linux-x86_64-fedora-gcc 1.3.2 45.99 ERROR
r-devel-windows-x86_64 1.3.2 12.00 57.00 69.00 ERROR
r-patched-linux-x86_64 1.3.2 2.81 35.60 38.41 OK
r-release-linux-x86_64 1.3.2 2.60 34.66 37.26 OK
r-release-macos-arm64 1.3.2 17.00 OK
r-release-macos-x86_64 1.3.2 26.00 OK
r-release-windows-x86_64 1.3.2 36.00 60.00 96.00 OK
r-oldrel-macos-arm64 1.3.2 27.00 OK
r-oldrel-macos-x86_64 1.3.2 28.00 OK
r-oldrel-windows-ix86+x86_64 1.3.2 9.00 61.00 70.00 OK

Check Details

Version: 1.3.2
Check: examples
Result: ERROR
    Running examples in ‘algaeClassify-Ex.R’ failed
    The error most likely occurred in:
    
    > base::assign(".ptime", proc.time(), pos = "CheckExEnv")
    > ### Name: accum
    > ### Title: Split a dataframe column with binomial name into genus and
    > ### species columns. Plots change in species richness over time,
    > ### generates species accumulation curve, and compares SAC against
    > ### simulated idealized curve assuming all unique taxa have equal
    > ### probability of being sampled at any point in the time series. (author
    > ### Dietmar Straile)
    > ### Aliases: accum
    >
    > ### ** Examples
    >
    > data(lakegeneva)
    > #example dataset with 50 rows
    > head(lakegeneva)
     biovol_um3_ml date_dd_mm_yy lake month phyto_name year
    1 39200 10-01-05 Geneva January Oscillatoria janus 2005
    2 21200 10-01-05 Geneva January Planktothrix rubescens 2005
    3 48700 10-01-05 Geneva January Pseudanabaena limnetica 2005
    4 2100 10-01-05 Geneva January Plagioselmis nannoplanctica 2005
    5 12000 10-01-05 Geneva January Plagioselmis lacustris 2005
    6 18200 10-01-05 Geneva January Dinobryon divergens 2005
    >
    > accum(b_data=lakegeneva,column='biovol_um3_ml',n=10,save.pdf=FALSE)
    Error in .POSIXct(x, tz, ...) : unused argument (format = "%Y-%m-%d")
    Calls: accum -> as.POSIXct -> as.POSIXct.default
    Execution halted
Flavor: r-devel-linux-x86_64-debian-gcc

Version: 1.3.2
Check: examples
Result: ERROR
    Running examples in ‘algaeClassify-Ex.R’ failed
    The error most likely occurred in:
    
    > ### Name: accum
    > ### Title: Split a dataframe column with binomial name into genus and
    > ### species columns. Plots change in species richness over time,
    > ### generates species accumulation curve, and compares SAC against
    > ### simulated idealized curve assuming all unique taxa have equal
    > ### probability of being sampled at any point in the time series. (author
    > ### Dietmar Straile)
    > ### Aliases: accum
    >
    > ### ** Examples
    >
    > data(lakegeneva)
    > #example dataset with 50 rows
    > head(lakegeneva)
     biovol_um3_ml date_dd_mm_yy lake month phyto_name year
    1 39200 10-01-05 Geneva January Oscillatoria janus 2005
    2 21200 10-01-05 Geneva January Planktothrix rubescens 2005
    3 48700 10-01-05 Geneva January Pseudanabaena limnetica 2005
    4 2100 10-01-05 Geneva January Plagioselmis nannoplanctica 2005
    5 12000 10-01-05 Geneva January Plagioselmis lacustris 2005
    6 18200 10-01-05 Geneva January Dinobryon divergens 2005
    >
    > accum(b_data=lakegeneva,column='biovol_um3_ml',n=10,save.pdf=FALSE)
    Error in .POSIXct(x, tz, ...) : unused argument (format = "%Y-%m-%d")
    Calls: accum -> as.POSIXct -> as.POSIXct.default
    Execution halted
Flavors: r-devel-linux-x86_64-fedora-gcc, r-devel-windows-x86_64