Last updated on 2025-11-23 20:48:40 CET.
| Flavor | Version | Tinstall | Tcheck | Ttotal | Status | Flags |
|---|---|---|---|---|---|---|
| r-devel-linux-x86_64-debian-clang | 1.2.1 | 2.63 | 35.02 | 37.65 | NOTE | |
| r-devel-linux-x86_64-debian-gcc | 1.2.1 | 2.30 | 28.46 | 30.76 | NOTE | |
| r-devel-linux-x86_64-fedora-clang | 1.2.1 | 56.64 | OK | |||
| r-devel-windows-x86_64 | 1.2.1 | 6.00 | 67.00 | 73.00 | OK | |
| r-patched-linux-x86_64 | 1.2.1 | 2.96 | 32.49 | 35.45 | OK | |
| r-release-linux-x86_64 | 1.2.1 | 2.69 | 32.44 | 35.13 | OK | |
| r-release-macos-arm64 | 1.2.1 | OK | ||||
| r-release-macos-x86_64 | 1.2.1 | 3.00 | 48.00 | 51.00 | OK | |
| r-release-windows-x86_64 | 1.2.1 | 4.00 | 65.00 | 69.00 | OK | |
| r-oldrel-macos-arm64 | 1.2.1 | NOTE | ||||
| r-oldrel-macos-x86_64 | 1.2.1 | 2.00 | 35.00 | 37.00 | NOTE | |
| r-oldrel-windows-x86_64 | 1.2.1 | 6.00 | 74.00 | 80.00 | NOTE |
Version: 1.2.1
Check: CRAN incoming feasibility
Result: NOTE
Maintainer: ‘Roy Wetherall <rwetherall@gmail.com>’
No Authors@R field in DESCRIPTION.
Please add one, modifying
Authors@R: person(given = "Roy",
family = "Wetherall",
role = c("aut", "cre"),
email = "rwetherall@gmail.com")
as necessary.
Flavors: r-devel-linux-x86_64-debian-clang, r-devel-linux-x86_64-debian-gcc
Version: 1.2.1
Check: LazyData
Result: NOTE
'LazyData' is specified without a 'data' directory
Flavors: r-oldrel-macos-arm64, r-oldrel-macos-x86_64, r-oldrel-windows-x86_64