Last updated on 2024-04-18 21:56:44 CEST.
Flavor | Version | Tinstall | Tcheck | Ttotal | Status | Flags |
---|---|---|---|---|---|---|
r-devel-linux-x86_64-debian-clang | 0.3-7 | 8.03 | 214.94 | 222.97 | OK | |
r-devel-linux-x86_64-debian-gcc | 0.3-7 | 4.98 | 151.67 | 156.65 | OK | |
r-devel-linux-x86_64-fedora-clang | 0.3-7 | 257.03 | OK | |||
r-devel-linux-x86_64-fedora-gcc | 0.3-7 | 261.65 | OK | |||
r-prerel-macos-arm64 | 0.3-7 | 64.00 | OK | |||
r-prerel-windows-x86_64 | 0.3-7 | 6.00 | 170.00 | 176.00 | OK | |
r-patched-linux-x86_64 | 0.3-7 | 7.50 | 199.78 | 207.28 | OK | |
r-release-linux-x86_64 | 0.3-7 | 5.57 | 202.08 | 207.65 | OK | |
r-release-macos-arm64 | 0.3-7 | 72.00 | OK | |||
r-release-macos-x86_64 | 0.3-7 | 213.00 | OK | |||
r-release-windows-x86_64 | 0.3-7 | 8.00 | 214.00 | 222.00 | OK | |
r-oldrel-macos-arm64 | 0.3-7 | 73.00 | OK | |||
r-oldrel-windows-x86_64 | 0.3-7 | 8.00 | 222.00 | 230.00 | NOTE |
Version: 0.3-7
Check: HTML version of manual
Result: NOTE
Encountered the following conversion/validation errors:
absindex.Rd:110: condition must be plain text
feemscatter.Rd:47: condition must be plain text
write.openfluor.Rd:43: condition must be plain text
Flavor: r-oldrel-windows-x86_64