Last updated on 2023-06-02 22:01:06 CEST.
Flavor | Version | Tinstall | Tcheck | Ttotal | Status | Flags |
---|---|---|---|---|---|---|
r-devel-linux-x86_64-debian-clang | 0.8.2 | 9.18 | 77.03 | 86.21 | OK | |
r-devel-linux-x86_64-debian-gcc | 0.8.2 | 7.37 | 58.21 | 65.58 | OK | |
r-devel-linux-x86_64-fedora-clang | 0.8.2 | 107.24 | NOTE | |||
r-devel-linux-x86_64-fedora-gcc | 0.8.2 | 114.87 | NOTE | |||
r-devel-windows-x86_64 | 0.8.2 | 10.00 | 78.00 | 88.00 | OK | |
r-patched-linux-x86_64 | 0.8.2 | OK | ||||
r-release-linux-x86_64 | 0.8.2 | 9.54 | 72.65 | 82.19 | OK | |
r-release-macos-arm64 | 0.8.2 | 36.00 | OK | |||
r-release-macos-x86_64 | 0.8.2 | 54.00 | OK | |||
r-release-windows-x86_64 | 0.8.2 | 12.00 | 92.00 | 104.00 | OK | |
r-oldrel-macos-arm64 | 0.8.2 | 34.00 | NOTE | |||
r-oldrel-macos-x86_64 | 0.8.2 | 63.00 | NOTE | |||
r-oldrel-windows-x86_64 | 0.8.2 | 13.00 | 90.00 | 103.00 | OK |
Version: 0.8.2
Check: data for non-ASCII characters
Result: NOTE
Note: found 53 marked UTF-8 strings
Flavors: r-devel-linux-x86_64-fedora-clang, r-devel-linux-x86_64-fedora-gcc, r-oldrel-macos-arm64, r-oldrel-macos-x86_64