Last updated on 2024-03-28 19:48:24 CET.
Flavor | Version | Tinstall | Tcheck | Ttotal | Status | Flags |
---|---|---|---|---|---|---|
r-devel-linux-x86_64-debian-clang | 0.3.2 | 7.42 | 185.91 | 193.33 | OK | |
r-devel-linux-x86_64-debian-gcc | 0.3.2 | 6.18 | 153.74 | 159.92 | OK | |
r-devel-linux-x86_64-fedora-clang | 0.3.2 | 238.08 | NOTE | |||
r-devel-linux-x86_64-fedora-gcc | 0.3.2 | 265.33 | OK | |||
r-devel-windows-x86_64 | 0.3.2 | 7.00 | 210.00 | 217.00 | NOTE | |
r-patched-linux-x86_64 | 0.3.2 | 7.50 | 191.88 | 199.38 | OK | |
r-release-linux-x86_64 | 0.3.2 | 7.11 | 193.56 | 200.67 | OK | |
r-release-macos-arm64 | 0.3.2 | 96.00 | NOTE | |||
r-release-macos-x86_64 | 0.3.2 | 186.00 | NOTE | |||
r-release-windows-x86_64 | 0.3.2 | 10.00 | 231.00 | 241.00 | NOTE | |
r-oldrel-macos-arm64 | 0.3.2 | 82.00 | NOTE | |||
r-oldrel-windows-x86_64 | 0.3.2 | 11.00 | 220.00 | 231.00 | NOTE |
Version: 0.3.2
Check: installed package size
Result: NOTE
installed size is 8.0Mb
sub-directories of 1Mb or more:
ShinyGR 4.3Mb
doc 3.5Mb
Flavors: r-devel-linux-x86_64-fedora-clang, r-devel-windows-x86_64, r-release-macos-arm64, r-release-macos-x86_64, r-release-windows-x86_64, r-oldrel-macos-arm64, r-oldrel-windows-x86_64