Last updated on 2024-04-23 20:51:57 CEST.
Flavor | Version | Tinstall | Tcheck | Ttotal | Status | Flags |
---|---|---|---|---|---|---|
r-devel-linux-x86_64-debian-clang | 0.2.1 | 2.48 | 18.05 | 20.53 | OK | |
r-devel-linux-x86_64-debian-gcc | 0.2.1 | 1.76 | 14.67 | 16.43 | OK | |
r-devel-linux-x86_64-fedora-clang | 0.2.1 | 26.80 | NOTE | |||
r-devel-linux-x86_64-fedora-gcc | 0.2.1 | 28.14 | NOTE | |||
r-prerel-macos-arm64 | 0.2.1 | 14.00 | OK | |||
r-prerel-windows-x86_64 | 0.2.1 | 3.00 | 37.00 | 40.00 | OK | |
r-patched-linux-x86_64 | 0.2.1 | 2.08 | 17.52 | 19.60 | OK | |
r-release-linux-x86_64 | 0.2.1 | 2.24 | 18.05 | 20.29 | OK | |
r-release-macos-arm64 | 0.2.1 | 15.00 | OK | |||
r-release-macos-x86_64 | 0.2.1 | 37.00 | OK | |||
r-release-windows-x86_64 | 0.2.1 | 3.00 | 35.00 | 38.00 | OK | |
r-oldrel-macos-arm64 | 0.2.1 | 19.00 | OK | |||
r-oldrel-windows-x86_64 | 0.2.1 | 4.00 | 40.00 | 44.00 | OK |
Version: 0.2.1
Check: data for non-ASCII characters
Result: NOTE
Note: found 17 marked UTF-8 strings
Flavors: r-devel-linux-x86_64-fedora-clang, r-devel-linux-x86_64-fedora-gcc