Last updated on 2024-04-23 20:51:57 CEST.
Flavor | Version | Tinstall | Tcheck | Ttotal | Status | Flags |
---|---|---|---|---|---|---|
r-devel-linux-x86_64-debian-clang | 1.2.1 | 5.11 | 35.91 | 41.02 | NOTE | |
r-devel-linux-x86_64-debian-gcc | 1.2.1 | 3.39 | 27.74 | 31.13 | NOTE | |
r-devel-linux-x86_64-fedora-clang | 1.2.1 | 51.16 | NOTE | |||
r-devel-linux-x86_64-fedora-gcc | 1.2.1 | 53.75 | NOTE | |||
r-prerel-macos-arm64 | 1.2.1 | 22.00 | OK | |||
r-prerel-windows-x86_64 | 1.2.1 | 7.00 | 55.00 | 62.00 | OK | |
r-patched-linux-x86_64 | 1.2.1 | 5.27 | 34.46 | 39.73 | NOTE | |
r-release-linux-x86_64 | 1.2.1 | 4.40 | 34.72 | 39.12 | NOTE | |
r-release-macos-arm64 | 1.2.1 | 23.00 | OK | |||
r-release-macos-x86_64 | 1.2.1 | 29.00 | OK | |||
r-release-windows-x86_64 | 1.2.1 | 7.00 | 60.00 | 67.00 | OK | |
r-oldrel-macos-arm64 | 1.2.1 | 26.00 | OK | |||
r-oldrel-windows-x86_64 | 1.2.1 | 20.00 | 60.00 | 80.00 | OK |
Version: 1.2.1
Check: for non-standard things in the check directory
Result: NOTE
Found the following files/directories:
‘stuve.pdf’
Flavors: r-devel-linux-x86_64-debian-clang, r-devel-linux-x86_64-debian-gcc, r-devel-linux-x86_64-fedora-clang, r-devel-linux-x86_64-fedora-gcc, r-patched-linux-x86_64, r-release-linux-x86_64