CRAN Package Check Results for Package aiRthermo

Last updated on 2022-10-02 22:51:32 CEST.

Flavor Version Tinstall Tcheck Ttotal Status Flags
r-devel-linux-x86_64-debian-clang 1.2.1 5.26 35.81 41.07 NOTE
r-devel-linux-x86_64-debian-gcc 1.2.1 3.70 27.71 31.41 NOTE
r-devel-linux-x86_64-fedora-clang 1.2.1 62.20 NOTE
r-devel-linux-x86_64-fedora-gcc 1.2.1 60.61 NOTE
r-devel-windows-x86_64 1.2.1 53.00 72.00 125.00 OK
r-patched-linux-x86_64 1.2.1 5.05 33.71 38.76 NOTE
r-release-linux-x86_64 1.2.1 4.12 33.34 37.46 NOTE
r-release-macos-arm64 1.2.1 22.00 OK
r-release-macos-x86_64 1.2.1 31.00 OK
r-release-windows-x86_64 1.2.1 20.00 60.00 80.00 OK
r-oldrel-macos-arm64 1.2.1 27.00 OK
r-oldrel-macos-x86_64 1.2.1 39.00 OK
r-oldrel-windows-ix86+x86_64 1.2.1 13.00 59.00 72.00 OK

Check Details

Version: 1.2.1
Check: for non-standard things in the check directory
Result: NOTE
    Found the following files/directories:
     'stuve.pdf'
Flavors: r-devel-linux-x86_64-debian-clang, r-devel-linux-x86_64-debian-gcc, r-devel-linux-x86_64-fedora-clang, r-devel-linux-x86_64-fedora-gcc, r-patched-linux-x86_64, r-release-linux-x86_64