Last updated on 2023-01-26 19:49:20 CET.
Flavor | Version | Tinstall | Tcheck | Ttotal | Status | Flags |
---|---|---|---|---|---|---|
r-devel-linux-x86_64-debian-clang | 0.3.1 | 5.39 | 154.40 | 159.79 | NOTE | |
r-devel-linux-x86_64-debian-gcc | 0.3.1 | 4.67 | 101.77 | 106.44 | NOTE | |
r-devel-linux-x86_64-fedora-clang | 0.3.1 | 194.29 | NOTE | |||
r-devel-linux-x86_64-fedora-gcc | 0.3.1 | 186.84 | NOTE | |||
r-devel-windows-x86_64 | 0.3.1 | 13.00 | 160.00 | 173.00 | NOTE | |
r-patched-linux-x86_64 | 0.3.1 | 4.96 | 141.42 | 146.38 | NOTE | |
r-release-linux-x86_64 | 0.3.1 | 4.84 | 142.81 | 147.65 | NOTE | |
r-release-macos-arm64 | 0.3.1 | 47.00 | NOTE | |||
r-release-macos-x86_64 | 0.3.1 | 64.00 | NOTE | |||
r-release-windows-x86_64 | 0.3.1 | 16.00 | 167.00 | 183.00 | NOTE | |
r-oldrel-macos-arm64 | 0.3.1 | 86.00 | NOTE | |||
r-oldrel-macos-x86_64 | 0.3.1 | 71.00 | NOTE | |||
r-oldrel-windows-ix86+x86_64 | 0.3.1 | 16.00 | 295.00 | 311.00 | NOTE |
Version: 0.3.1
Check: LazyData
Result: NOTE
'LazyData' is specified without a 'data' directory
Flavors: r-devel-linux-x86_64-debian-clang, r-devel-linux-x86_64-debian-gcc, r-devel-linux-x86_64-fedora-clang, r-devel-linux-x86_64-fedora-gcc, r-devel-windows-x86_64, r-patched-linux-x86_64, r-release-linux-x86_64, r-release-macos-arm64, r-release-macos-x86_64, r-release-windows-x86_64, r-oldrel-macos-arm64, r-oldrel-macos-x86_64, r-oldrel-windows-ix86+x86_64