Last updated on 2024-04-18 21:56:44 CEST.
Flavor | Version | Tinstall | Tcheck | Ttotal | Status | Flags |
---|---|---|---|---|---|---|
r-devel-linux-x86_64-debian-clang | 0.9.3 | 35.99 | 49.04 | 85.03 | NOTE | |
r-devel-linux-x86_64-debian-gcc | 0.9.3 | 33.09 | 35.80 | 68.89 | NOTE | |
r-devel-linux-x86_64-fedora-clang | 0.9.3 | 120.88 | NOTE | |||
r-devel-linux-x86_64-fedora-gcc | 0.9.3 | 131.07 | NOTE | |||
r-prerel-macos-arm64 | 0.9.3 | 33.00 | NOTE | |||
r-prerel-windows-x86_64 | 0.9.3 | 34.00 | 76.00 | 110.00 | NOTE | |
r-patched-linux-x86_64 | 0.9.3 | 44.47 | 47.03 | 91.50 | NOTE | |
r-release-linux-x86_64 | 0.9.3 | 37.19 | 46.77 | 83.96 | NOTE | |
r-release-macos-arm64 | 0.9.3 | 39.00 | NOTE | |||
r-release-macos-x86_64 | 0.9.3 | 59.00 | NOTE | |||
r-release-windows-x86_64 | 0.9.3 | 41.00 | 88.00 | 129.00 | NOTE | |
r-oldrel-macos-arm64 | 0.9.3 | 35.00 | NOTE | |||
r-oldrel-windows-x86_64 | 0.9.3 | 40.00 | 86.00 | 126.00 | OK |
Version: 0.9.3
Check: C++ specification
Result: NOTE
Specified C++11: please drop specification unless essential
Flavors: r-devel-linux-x86_64-debian-clang, r-devel-linux-x86_64-debian-gcc, r-devel-linux-x86_64-fedora-clang, r-devel-linux-x86_64-fedora-gcc, r-prerel-macos-arm64, r-prerel-windows-x86_64, r-patched-linux-x86_64, r-release-linux-x86_64, r-release-macos-arm64, r-release-macos-x86_64, r-release-windows-x86_64
Version: 0.9.3
Check: installed package size
Result: NOTE
installed size is 8.6Mb
sub-directories of 1Mb or more:
libs 8.1Mb
Flavors: r-prerel-macos-arm64, r-release-macos-arm64, r-release-macos-x86_64, r-oldrel-macos-arm64