Last updated on 2025-02-20 19:51:25 CET.
Flavor | Version | Tinstall | Tcheck | Ttotal | Status | Flags |
---|---|---|---|---|---|---|
r-devel-linux-x86_64-debian-clang | 1.2.1 | 11.38 | 93.40 | 104.78 | OK | |
r-devel-linux-x86_64-debian-gcc | 1.2.1 | 7.60 | 64.46 | 72.06 | OK | |
r-devel-linux-x86_64-fedora-clang | 1.2.1 | 168.69 | OK | |||
r-devel-linux-x86_64-fedora-gcc | 1.2.1 | 180.39 | OK | |||
r-devel-macos-arm64 | 1.2.1 | 56.00 | OK | |||
r-devel-macos-x86_64 | 1.2.1 | 82.00 | OK | |||
r-devel-windows-x86_64 | 1.2.1 | 12.00 | 104.00 | 116.00 | OK | |
r-patched-linux-x86_64 | 1.2.1 | 10.84 | 85.83 | 96.67 | NOTE | |
r-release-linux-x86_64 | 1.2.1 | 10.12 | 84.02 | 94.14 | NOTE | |
r-release-macos-arm64 | 1.2.1 | 54.00 | NOTE | |||
r-release-macos-x86_64 | 1.2.1 | 103.00 | NOTE | |||
r-release-windows-x86_64 | 1.2.1 | 13.00 | 99.00 | 112.00 | NOTE | |
r-oldrel-macos-arm64 | 1.2.0 | 43.00 | NOTE | |||
r-oldrel-macos-x86_64 | 1.2.1 | 119.00 | NOTE | |||
r-oldrel-windows-x86_64 | 1.2.1 | 15.00 | 117.00 | 132.00 | NOTE |
Version: 1.2.1
Check: package dependencies
Result: NOTE
Package which this enhances but not available for checking: ‘asreml’
Flavors: r-patched-linux-x86_64, r-release-linux-x86_64, r-release-macos-arm64, r-release-macos-x86_64, r-release-windows-x86_64, r-oldrel-macos-x86_64, r-oldrel-windows-x86_64
Version: 1.2.0
Check: package dependencies
Result: NOTE
Package which this enhances but not available for checking: ‘asreml’
Flavor: r-oldrel-macos-arm64