CRAN Package Check Results for Package agghoo

Last updated on 2025-11-25 20:50:44 CET.

Flavor Version Tinstall Tcheck Ttotal Status Flags
r-devel-linux-x86_64-debian-clang 0.1-0 3.66 22.42 26.08 NOTE
r-devel-linux-x86_64-debian-gcc 0.1-0 2.30 18.03 20.33 NOTE
r-devel-linux-x86_64-fedora-clang 0.1-0 38.91 OK
r-devel-linux-x86_64-fedora-gcc 0.1-0 36.77 OK
r-devel-windows-x86_64 0.1-0 5.00 40.00 45.00 OK
r-patched-linux-x86_64 0.1-0 3.30 20.74 24.04 OK
r-release-linux-x86_64 0.1-0 3.44 20.51 23.95 OK
r-release-macos-arm64 0.1-0 OK
r-release-macos-x86_64 0.1-0 4.00 23.00 27.00 OK
r-release-windows-x86_64 0.1-0 5.00 59.00 64.00 OK
r-oldrel-macos-arm64 0.1-0 OK
r-oldrel-macos-x86_64 0.1-0 3.00 19.00 22.00 OK
r-oldrel-windows-x86_64 0.1-0 4.00 47.00 51.00 OK

Check Details

Version: 0.1-0
Check: CRAN incoming feasibility
Result: NOTE Maintainer: ‘Benjamin Auder <benjamin.auder@universite-paris-saclay.fr>’ The Description field contains Maillard, Sylvain Arlot, Matthieu Lerasle (2021) <arXiv:1909.04890> Please refer to arXiv e-prints via their arXiv DOI <doi:10.48550/arXiv.YYMM.NNNNN>. Flavors: r-devel-linux-x86_64-debian-clang, r-devel-linux-x86_64-debian-gcc