Last updated on 2024-04-23 20:51:57 CEST.
Flavor | Version | Tinstall | Tcheck | Ttotal | Status | Flags |
---|---|---|---|---|---|---|
r-devel-linux-x86_64-debian-clang | 4.3.2.3 | 113.61 | 123.14 | 236.75 | OK | |
r-devel-linux-x86_64-debian-gcc | 4.3.2.3 | 59.86 | 98.19 | 158.05 | OK | |
r-devel-linux-x86_64-fedora-clang | 4.3.2.3 | 265.13 | OK | |||
r-devel-linux-x86_64-fedora-gcc | 4.3.2.3 | 282.95 | OK | |||
r-prerel-macos-arm64 | 4.3.2.3 | 74.00 | NOTE | |||
r-prerel-windows-x86_64 | 4.3.2.3 | 55.00 | 141.00 | 196.00 | OK | |
r-patched-linux-x86_64 | 4.3.2.3 | 44.43 | 125.68 | 170.11 | OK | |
r-release-linux-x86_64 | 4.3.2.3 | 64.45 | 124.84 | 189.29 | OK | |
r-release-macos-arm64 | 4.3.2.3 | 88.00 | NOTE | |||
r-release-macos-x86_64 | 4.3.2.3 | 180.00 | NOTE | |||
r-release-windows-x86_64 | 4.3.2.3 | 72.00 | 160.00 | 232.00 | OK | |
r-oldrel-macos-arm64 | 4.3.2.3 | 80.00 | NOTE | |||
r-oldrel-windows-x86_64 | 4.3.2.3 | 66.00 | 157.00 | 223.00 | OK |
Version: 4.3.2.3
Check: installed package size
Result: NOTE
installed size is 6.9Mb
sub-directories of 1Mb or more:
libs 6.8Mb
Flavors: r-prerel-macos-arm64, r-release-macos-arm64, r-release-macos-x86_64, r-oldrel-macos-arm64