Last updated on 2025-11-02 23:49:30 CET.
| Flavor | Version | Tinstall | Tcheck | Ttotal | Status | Flags | 
|---|---|---|---|---|---|---|
| r-devel-linux-x86_64-debian-clang | 1.0.2 | 4.73 | 56.10 | 60.83 | NOTE | |
| r-devel-linux-x86_64-debian-gcc | 1.0.2 | 2.92 | 42.52 | 45.44 | NOTE | |
| r-devel-linux-x86_64-fedora-clang | 1.0.2 | 11.00 | 80.23 | 91.23 | NOTE | |
| r-devel-linux-x86_64-fedora-gcc | 1.0.2 | 10.00 | 91.34 | 101.34 | NOTE | |
| r-devel-windows-x86_64 | 1.0.2 | 7.00 | 69.00 | 76.00 | NOTE | |
| r-patched-linux-x86_64 | 1.0.2 | 4.97 | 51.16 | 56.13 | NOTE | |
| r-release-linux-x86_64 | 1.0.2 | 4.20 | 50.72 | 54.92 | NOTE | |
| r-release-macos-arm64 | 1.0.2 | 3.00 | 40.00 | 43.00 | NOTE | |
| r-release-macos-x86_64 | 1.0.2 | 5.00 | 75.00 | 80.00 | NOTE | |
| r-release-windows-x86_64 | 1.0.2 | 7.00 | 69.00 | 76.00 | NOTE | |
| r-oldrel-macos-arm64 | 1.0.2 | 3.00 | 39.00 | 42.00 | OK | |
| r-oldrel-macos-x86_64 | 1.0.2 | 9.00 | 125.00 | 134.00 | OK | |
| r-oldrel-windows-x86_64 | 1.0.2 | 9.00 | 192.00 | 201.00 | OK | 
Version: 1.0.2
Check: DESCRIPTION meta-information
Result: NOTE
    Missing dependency on R >= 4.1.0 because package code uses the pipe
    |> or function shorthand \(...) syntax added in R 4.1.0.
    File(s) using such syntax:
      ‘generate_workbook.Rd’
Flavors: r-devel-linux-x86_64-debian-clang, r-devel-linux-x86_64-debian-gcc, r-devel-linux-x86_64-fedora-clang, r-devel-linux-x86_64-fedora-gcc, r-devel-windows-x86_64, r-patched-linux-x86_64, r-release-linux-x86_64, r-release-macos-arm64, r-release-macos-x86_64, r-release-windows-x86_64