CRAN Package Check Results for Package adklakedata

Last updated on 2022-10-05 21:53:27 CEST.

Flavor Version Tinstall Tcheck Ttotal Status Flags
r-devel-linux-x86_64-debian-clang 0.6.1 2.40 28.59 30.99 NOTE
r-devel-linux-x86_64-debian-gcc 0.6.1 1.79 22.01 23.80 NOTE
r-devel-linux-x86_64-fedora-clang 0.6.1 49.02 NOTE
r-devel-linux-x86_64-fedora-gcc 0.6.1 47.03 NOTE
r-devel-windows-x86_64 0.6.1 32.00 56.00 88.00 NOTE
r-patched-linux-x86_64 0.6.1 2.33 27.31 29.64 NOTE
r-release-linux-x86_64 0.6.1 2.24 26.47 28.71 NOTE
r-release-macos-arm64 0.6.1 17.00 NOTE
r-release-macos-x86_64 0.6.1 23.00 NOTE
r-release-windows-x86_64 0.6.1 18.00 53.00 71.00 NOTE
r-oldrel-macos-arm64 0.6.1 26.00 NOTE
r-oldrel-macos-x86_64 0.6.1 28.00 NOTE
r-oldrel-windows-ix86+x86_64 0.6.1 12.00 52.00 64.00 NOTE

Check Details

Version: 0.6.1
Check: LazyData
Result: NOTE
     'LazyData' is specified without a 'data' directory
Flavors: r-devel-linux-x86_64-debian-clang, r-devel-linux-x86_64-debian-gcc, r-devel-linux-x86_64-fedora-clang, r-devel-linux-x86_64-fedora-gcc, r-devel-windows-x86_64, r-patched-linux-x86_64, r-release-linux-x86_64, r-release-macos-arm64, r-release-macos-x86_64, r-release-windows-x86_64, r-oldrel-macos-arm64, r-oldrel-macos-x86_64, r-oldrel-windows-ix86+x86_64