CRAN Package Check Results for Package adjSURVCI

Last updated on 2022-09-28 21:51:31 CEST.

Flavor Version Tinstall Tcheck Ttotal Status Flags
r-devel-linux-x86_64-debian-clang 1.0 73.44 84.85 158.29 OK
r-devel-linux-x86_64-debian-gcc 1.0 49.13 65.04 114.17 OK
r-devel-linux-x86_64-fedora-clang 1.0 216.18 OK
r-devel-linux-x86_64-fedora-gcc 1.0 203.42 OK
r-devel-windows-x86_64 1.0 55.00 121.00 176.00 OK
r-patched-linux-x86_64 1.0 59.19 82.38 141.57 OK
r-release-linux-x86_64 1.0 57.30 81.79 139.09 OK
r-release-macos-arm64 1.0 61.00 NOTE
r-release-macos-x86_64 1.0 68.00 NOTE
r-release-windows-x86_64 1.0 49.00 125.00 174.00 OK
r-oldrel-macos-arm64 1.0 43.00 NOTE
r-oldrel-macos-x86_64 1.0 70.00 NOTE
r-oldrel-windows-ix86+x86_64 1.0 139.00 156.00 295.00 OK

Check Details

Version: 1.0
Check: installed package size
Result: NOTE
     installed size is 6.4Mb
     sub-directories of 1Mb or more:
     libs 6.2Mb
Flavors: r-release-macos-arm64, r-release-macos-x86_64, r-oldrel-macos-arm64, r-oldrel-macos-x86_64