Last updated on 2024-04-18 21:56:44 CEST.
Flavor | Version | Tinstall | Tcheck | Ttotal | Status | Flags |
---|---|---|---|---|---|---|
r-devel-linux-x86_64-debian-clang | 1.1 | 78.37 | 34.97 | 113.34 | OK | |
r-devel-linux-x86_64-debian-gcc | 1.1 | 61.01 | 28.87 | 89.88 | OK | |
r-devel-linux-x86_64-fedora-clang | 1.1 | 157.97 | NOTE | |||
r-devel-linux-x86_64-fedora-gcc | 1.1 | 158.53 | OK | |||
r-prerel-macos-arm64 | 1.1 | 71.00 | NOTE | |||
r-prerel-windows-x86_64 | 1.1 | 68.00 | 48.00 | 116.00 | NOTE | |
r-patched-linux-x86_64 | 1.1 | 79.97 | 35.62 | 115.59 | OK | |
r-release-linux-x86_64 | 1.1 | 79.35 | 34.71 | 114.06 | OK | |
r-release-macos-arm64 | 1.1 | 81.00 | NOTE | |||
r-release-macos-x86_64 | 1.1 | 106.00 | NOTE | |||
r-release-windows-x86_64 | 1.1 | 69.00 | 51.00 | 120.00 | NOTE | |
r-oldrel-macos-arm64 | 1.1 | 78.00 | NOTE | |||
r-oldrel-windows-x86_64 | 1.1 | 95.00 | 58.00 | 153.00 | NOTE |
Version: 1.1
Check: installed package size
Result: NOTE
installed size is 9.5Mb
sub-directories of 1Mb or more:
data 9.3Mb
Flavors: r-devel-linux-x86_64-fedora-clang, r-prerel-macos-arm64, r-prerel-windows-x86_64, r-release-macos-arm64, r-release-macos-x86_64, r-release-windows-x86_64, r-oldrel-macos-arm64, r-oldrel-windows-x86_64