Last updated on 2023-06-06 21:00:46 CEST.
Flavor | Version | Tinstall | Tcheck | Ttotal | Status | Flags |
---|---|---|---|---|---|---|
r-devel-linux-x86_64-debian-clang | 3.2.0 | 11.12 | 93.85 | 104.97 | OK | |
r-devel-linux-x86_64-debian-gcc | 3.2.0 | 8.69 | 69.40 | 78.09 | OK | |
r-devel-linux-x86_64-fedora-clang | 3.2.0 | 127.36 | NOTE | |||
r-devel-linux-x86_64-fedora-gcc | 3.2.0 | 132.38 | NOTE | |||
r-devel-windows-x86_64 | 3.2.0 | 11.00 | 87.00 | 98.00 | OK | |
r-patched-linux-x86_64 | 3.2.0 | 8.22 | 88.08 | 96.30 | OK | |
r-release-linux-x86_64 | 3.2.0 | 6.68 | 86.91 | 93.59 | OK | |
r-release-macos-arm64 | 3.2.0 | 44.00 | OK | |||
r-release-macos-x86_64 | 3.2.0 | 70.00 | OK | |||
r-release-windows-x86_64 | 3.2.0 | 15.00 | 102.00 | 117.00 | OK | |
r-oldrel-macos-arm64 | 3.2.0 | 38.00 | NOTE | |||
r-oldrel-macos-x86_64 | 3.2.0 | 74.00 | NOTE | |||
r-oldrel-windows-x86_64 | 3.2.0 | 13.00 | 112.00 | 125.00 | OK |
Version: 3.2.0
Check: dependencies in R code
Result: NOTE
Namespace in Imports field not imported from: ‘jsonlite’
All declared Imports should be used.
Flavors: r-devel-linux-x86_64-fedora-clang, r-devel-linux-x86_64-fedora-gcc, r-oldrel-macos-arm64, r-oldrel-macos-x86_64