Last updated on 2023-02-02 20:53:22 CET.
Flavor | Version | Tinstall | Tcheck | Ttotal | Status | Flags |
---|---|---|---|---|---|---|
r-devel-linux-x86_64-debian-clang | 0.3.26 | 17.71 | 125.67 | 143.38 | OK | |
r-devel-linux-x86_64-debian-gcc | 0.3.26 | 13.08 | 101.56 | 114.64 | OK | |
r-devel-linux-x86_64-fedora-clang | 0.3.26 | 180.02 | OK | |||
r-devel-linux-x86_64-fedora-gcc | 0.3.26 | 195.21 | OK | |||
r-devel-windows-x86_64 | 0.3.26 | 69.00 | 207.00 | 276.00 | OK | |
r-patched-linux-x86_64 | 0.3.26 | 17.27 | 126.16 | 143.43 | OK | |
r-release-linux-x86_64 | 0.3.26 | 13.20 | 127.74 | 140.94 | OK | |
r-release-macos-arm64 | 0.3.26 | 83.00 | NOTE | |||
r-release-macos-x86_64 | 0.3.26 | 127.00 | OK | |||
r-release-windows-x86_64 | 0.3.26 | 81.00 | 211.00 | 292.00 | OK | |
r-oldrel-macos-arm64 | 0.3.26 | 86.00 | OK | |||
r-oldrel-macos-x86_64 | 0.3.26 | 129.00 | OK | |||
r-oldrel-windows-ix86+x86_64 | 0.3.26 | 33.00 | 186.00 | 219.00 | OK |
Version: 0.3.26
Check: package dependencies
Result: NOTE
Package suggested but not available for checking: ‘maptools’
Flavor: r-release-macos-arm64