CRAN Package Check Results for Package adegraphics

Last updated on 2022-09-24 21:50:56 CEST.

Flavor Version Tinstall Tcheck Ttotal Status Flags
r-devel-linux-x86_64-debian-clang 1.0-16 26.97 391.51 418.48 OK
r-devel-linux-x86_64-debian-gcc 1.0-16 28.40 281.00 309.40 OK
r-devel-linux-x86_64-fedora-clang 1.0-16 496.32 OK
r-devel-linux-x86_64-fedora-gcc 1.0-16 512.70 OK
r-devel-windows-x86_64 1.0-16 140.00 433.00 573.00 OK
r-patched-linux-x86_64 1.0-16 31.69 371.69 403.38 OK
r-release-linux-x86_64 1.0-16 29.63 358.60 388.23 OK
r-release-macos-arm64 1.0-16 142.00 NOTE
r-release-macos-x86_64 1.0-16 188.00 OK
r-release-windows-x86_64 1.0-16 129.00 433.00 562.00 OK
r-oldrel-macos-arm64 1.0-16 124.00 NOTE
r-oldrel-macos-x86_64 1.0-16 170.00 OK
r-oldrel-windows-ix86+x86_64 1.0-16 57.00 404.00 461.00 OK

Check Details

Version: 1.0-16
Check: installed package size
Result: NOTE
     installed size is 5.5Mb
     sub-directories of 1Mb or more:
     R 2.0Mb
     doc 2.8Mb
Flavors: r-release-macos-arm64, r-oldrel-macos-arm64