Last updated on 2024-08-15 20:48:10 CEST.
Flavor | Version | Tinstall | Tcheck | Ttotal | Status | Flags |
---|---|---|---|---|---|---|
r-devel-linux-x86_64-debian-clang | 0.13.0 | 35.48 | 18.57 | 54.05 | OK | |
r-devel-linux-x86_64-debian-gcc | 0.13.0 | 29.87 | 15.47 | 45.34 | OK | |
r-devel-linux-x86_64-fedora-clang | 0.13.0 | 96.87 | OK | |||
r-devel-linux-x86_64-fedora-gcc | 0.13.0 | 112.19 | OK | |||
r-devel-windows-x86_64 | 0.13.0 | 49.00 | 106.00 | 155.00 | NOTE | |
r-patched-linux-x86_64 | 0.13.0 | 39.08 | 17.76 | 56.84 | OK | |
r-release-linux-x86_64 | 0.13.0 | 38.86 | 17.80 | 56.66 | OK | |
r-release-macos-arm64 | 0.13.0 | 35.00 | NOTE | |||
r-release-macos-x86_64 | 0.13.0 | 52.00 | NOTE | |||
r-release-windows-x86_64 | 0.13.0 | 46.00 | 105.00 | 151.00 | NOTE | |
r-oldrel-macos-arm64 | 0.13.0 | 43.00 | NOTE | |||
r-oldrel-macos-x86_64 | 0.13.0 | 58.00 | NOTE | |||
r-oldrel-windows-x86_64 | 0.13.0 | 41.00 | 121.00 | 162.00 | NOTE |
Version: 0.13.0
Check: installed package size
Result: NOTE
installed size is 6.7Mb
sub-directories of 1Mb or more:
libs 6.7Mb
Flavors: r-devel-windows-x86_64, r-release-macos-arm64, r-release-macos-x86_64, r-release-windows-x86_64, r-oldrel-macos-arm64, r-oldrel-macos-x86_64, r-oldrel-windows-x86_64