Last updated on 2025-11-21 19:51:17 CET.
| Flavor | Version | Tinstall | Tcheck | Ttotal | Status | Flags |
|---|---|---|---|---|---|---|
| r-devel-linux-x86_64-debian-clang | 0.21.0 | 22.05 | 29.91 | 51.96 | OK | |
| r-devel-linux-x86_64-debian-gcc | 0.21.0 | 20.22 | 23.14 | 43.36 | OK | |
| r-devel-linux-x86_64-fedora-clang | 0.21.0 | 144.00 | -54.66 | 89.34 | OK | |
| r-devel-windows-x86_64 | 0.20.0 | 55.00 | 74.00 | 129.00 | OK | |
| r-patched-linux-x86_64 | 0.20.0 | 28.88 | 26.74 | 55.62 | OK | |
| r-release-linux-x86_64 | 0.20.0 | 28.85 | 26.38 | 55.23 | OK | |
| r-release-macos-arm64 | 0.21.0 | 1.00 | 4.00 | 5.00 | ERROR | |
| r-release-macos-x86_64 | 0.21.0 | 21.00 | 40.00 | 61.00 | OK | |
| r-release-windows-x86_64 | 0.20.0 | 39.00 | 73.00 | 112.00 | OK | |
| r-oldrel-macos-arm64 | 0.21.0 | 1.00 | 9.00 | 10.00 | ERROR | |
| r-oldrel-macos-x86_64 | 0.21.0 | 25.00 | 38.00 | 63.00 | NOTE | |
| r-oldrel-windows-x86_64 | 0.20.0 | 48.00 | 84.00 | 132.00 | OK |
Version: 0.21.0
Check: whether package can be installed
Result: ERROR
Installation failed.
Flavors: r-release-macos-arm64, r-oldrel-macos-arm64
Version: 0.21.0
Check: installed package size
Result: NOTE
installed size is 5.4Mb
sub-directories of 1Mb or more:
libs 5.2Mb
Flavor: r-oldrel-macos-x86_64