Last updated on 2024-07-17 20:56:54 CEST.
Flavor | Version | Tinstall | Tcheck | Ttotal | Status | Flags |
---|---|---|---|---|---|---|
r-devel-linux-x86_64-debian-clang | 1.2.1 | 15.56 | 125.45 | 141.01 | NOTE | |
r-devel-linux-x86_64-debian-gcc | 1.2.1 | 13.09 | 90.52 | 103.61 | NOTE | |
r-devel-linux-x86_64-fedora-clang | 1.2.1 | 170.79 | NOTE | |||
r-devel-linux-x86_64-fedora-gcc | 1.2.1 | 159.43 | NOTE | |||
r-devel-windows-x86_64 | 1.2.1 | 14.00 | 113.00 | 127.00 | NOTE | |
r-patched-linux-x86_64 | 1.2.1 | 10.59 | 119.61 | 130.20 | NOTE | |
r-release-linux-x86_64 | 1.2.1 | 10.52 | 117.86 | 128.38 | NOTE | |
r-release-macos-arm64 | 1.2.1 | 45.00 | NOTE | |||
r-release-macos-x86_64 | 1.2.1 | 66.00 | NOTE | |||
r-release-windows-x86_64 | 1.2.1 | 15.00 | 114.00 | 129.00 | NOTE | |
r-oldrel-macos-arm64 | 1.2.1 | 47.00 | NOTE | |||
r-oldrel-macos-x86_64 | 1.2.1 | 72.00 | NOTE | |||
r-oldrel-windows-x86_64 | 1.2.1 | 19.00 | 140.00 | 159.00 | NOTE |
Version: 1.2.1
Check: LazyData
Result: NOTE
'LazyData' is specified without a 'data' directory
Flavors: r-devel-linux-x86_64-debian-clang, r-devel-linux-x86_64-debian-gcc, r-devel-linux-x86_64-fedora-clang, r-devel-linux-x86_64-fedora-gcc, r-devel-windows-x86_64, r-patched-linux-x86_64, r-release-linux-x86_64, r-release-macos-arm64, r-release-macos-x86_64, r-release-windows-x86_64, r-oldrel-macos-arm64, r-oldrel-macos-x86_64, r-oldrel-windows-x86_64