Last updated on 2024-07-17 20:56:54 CEST.
Flavor | Version | Tinstall | Tcheck | Ttotal | Status | Flags |
---|---|---|---|---|---|---|
r-devel-linux-x86_64-debian-clang | 5.0 | 20.11 | 160.75 | 180.86 | OK | |
r-devel-linux-x86_64-debian-gcc | 5.0 | 16.06 | 118.69 | 134.75 | OK | |
r-devel-linux-x86_64-fedora-clang | 5.0 | 221.65 | OK | |||
r-devel-linux-x86_64-fedora-gcc | 5.0 | 205.91 | OK | |||
r-devel-windows-x86_64 | 5.0 | 17.00 | 128.00 | 145.00 | NOTE | |
r-patched-linux-x86_64 | 5.0 | 12.56 | 150.57 | 163.13 | OK | |
r-release-linux-x86_64 | 5.0 | 13.96 | 152.45 | 166.41 | OK | |
r-release-macos-arm64 | 5.0 | 60.00 | OK | |||
r-release-macos-x86_64 | 5.0 | 83.00 | OK | |||
r-release-windows-x86_64 | 5.0 | 16.00 | 127.00 | 143.00 | OK | |
r-oldrel-macos-arm64 | 5.0 | 59.00 | OK | |||
r-oldrel-macos-x86_64 | 5.0 | 130.00 | OK | |||
r-oldrel-windows-x86_64 | 5.0 | 21.00 | 160.00 | 181.00 | OK |
Version: 5.0
Check: Rd cross-references
Result: NOTE
Found the following Rd file(s) with Rd \link{} targets missing package
anchors:
autoprune.rd: rpart
Please provide package anchors for all Rd \link{} targets not in the
package itself and the base packages.
Flavor: r-devel-windows-x86_64