Last updated on 2024-03-28 19:48:24 CET.
Flavor | Version | Tinstall | Tcheck | Ttotal | Status | Flags |
---|---|---|---|---|---|---|
r-devel-linux-x86_64-debian-clang | 5.0 | 16.89 | 158.29 | 175.18 | OK | |
r-devel-linux-x86_64-debian-gcc | 5.0 | 15.60 | 119.23 | 134.83 | OK | |
r-devel-linux-x86_64-fedora-clang | 5.0 | 214.15 | OK | |||
r-devel-linux-x86_64-fedora-gcc | 5.0 | 209.20 | OK | |||
r-devel-windows-x86_64 | 5.0 | 17.00 | 125.00 | 142.00 | OK | |
r-patched-linux-x86_64 | 5.0 | 13.10 | 150.86 | 163.96 | OK | |
r-release-linux-x86_64 | 5.0 | 12.09 | 151.75 | 163.84 | OK | |
r-release-macos-arm64 | 5.0 | 59.00 | OK | |||
r-release-macos-x86_64 | 5.0 | 130.00 | OK | |||
r-release-windows-x86_64 | 5.0 | 22.00 | 159.00 | 181.00 | OK | |
r-oldrel-macos-arm64 | 5.0 | 68.00 | OK | |||
r-oldrel-windows-x86_64 | 5.0 | 23.00 | 168.00 | 191.00 | NOTE |
Version: 5.0
Check: HTML version of manual
Result: NOTE
Found the following problems:
errorevol_ranking_vector_IW.Rd:68:38: Warning: nested emphasis <code>
Flavor: r-oldrel-windows-x86_64