Last updated on 2025-11-02 23:49:30 CET.
| Flavor | Version | Tinstall | Tcheck | Ttotal | Status | Flags |
|---|---|---|---|---|---|---|
| r-devel-linux-x86_64-debian-clang | 1.1 | 26.11 | 27.25 | 53.36 | WARN | |
| r-devel-linux-x86_64-debian-gcc | 1.1 | 17.71 | 22.18 | 39.89 | WARN | |
| r-devel-linux-x86_64-fedora-clang | 1.1 | 63.00 | 26.48 | 89.48 | NOTE | |
| r-devel-linux-x86_64-fedora-gcc | 1.1 | 64.00 | 23.17 | 87.17 | NOTE | |
| r-devel-windows-x86_64 | 1.1 | 31.00 | 62.00 | 93.00 | NOTE | |
| r-patched-linux-x86_64 | 1.1 | 26.74 | 25.55 | 52.29 | NOTE | |
| r-release-linux-x86_64 | 1.1 | 24.25 | 25.75 | 50.00 | NOTE | |
| r-release-macos-arm64 | 1.1 | 11.00 | 19.00 | 30.00 | NOTE | |
| r-release-macos-x86_64 | 1.1 | 17.00 | 27.00 | 44.00 | NOTE | |
| r-release-windows-x86_64 | 1.1 | 29.00 | 62.00 | 91.00 | NOTE | |
| r-oldrel-macos-arm64 | 1.1 | 8.00 | 20.00 | 28.00 | NOTE | |
| r-oldrel-macos-x86_64 | 1.1 | 15.00 | 31.00 | 46.00 | NOTE | |
| r-oldrel-windows-x86_64 | 1.1 | 35.00 | 76.00 | 111.00 | NOTE |
Version: 1.1
Check: whether package can be installed
Result: WARN
Found the following significant warnings:
/home/hornik/tmp/R.check/r-devel-clang/Work/build/Packages/RcppArmadillo/include/RcppArmadillo/version/arma.h:66:17: warning: Using fallback compilation with Armadillo 14.6.3. Please consider defining -DARMA_USE_CURRENT and also removing C++11 compilation directive. See GitHub issue #475 for more. [-W#pragma-messages]
See ‘/home/hornik/tmp/R.check/r-devel-clang/Work/PKGS/adaHuber.Rcheck/00install.out’ for details.
* used C++ compiler: ‘Debian clang version 19.1.7 (7)’
Flavor: r-devel-linux-x86_64-debian-clang
Version: 1.1
Check: C++ specification
Result: NOTE
Specified C++11: please drop specification unless essential
Flavors: r-devel-linux-x86_64-debian-clang, r-devel-linux-x86_64-debian-gcc, r-devel-linux-x86_64-fedora-clang, r-devel-linux-x86_64-fedora-gcc, r-devel-windows-x86_64, r-patched-linux-x86_64, r-release-linux-x86_64, r-release-macos-arm64, r-release-macos-x86_64, r-release-windows-x86_64, r-oldrel-macos-arm64, r-oldrel-macos-x86_64, r-oldrel-windows-x86_64
Version: 1.1
Check: whether package can be installed
Result: WARN
Found the following significant warnings:
/home/hornik/tmp/R.check/r-devel-gcc/Work/build/Packages/RcppArmadillo/include/RcppArmadillo/version/arma.h:66:199: note: ‘#pragma message: Using fallback compilation with Armadillo 14.6.3. Please consider defining -DARMA_USE_CURRENT and also removing C++11 compilation directive. See GitHub issue #475 for more.’
See ‘/home/hornik/tmp/R.check/r-devel-gcc/Work/PKGS/adaHuber.Rcheck/00install.out’ for details.
* used C++ compiler: ‘g++-15 (Debian 15.2.0-7) 15.2.0’
Flavor: r-devel-linux-x86_64-debian-gcc