CRAN Package Check Results for Package actilifecounts

Last updated on 2025-11-22 19:50:21 CET.

Flavor Version Tinstall Tcheck Ttotal Status Flags
r-devel-linux-x86_64-debian-clang 1.1.1 2.81 38.47 41.28 NOTE
r-devel-linux-x86_64-debian-gcc 1.1.1 1.91 27.22 29.13 NOTE
r-devel-linux-x86_64-fedora-clang 1.1.1 59.89 OK
r-devel-windows-x86_64 1.1.1 7.00 51.00 58.00 OK
r-patched-linux-x86_64 1.1.1 2.54 33.77 36.31 OK
r-release-linux-x86_64 1.1.1 2.74 34.74 37.48 OK
r-release-macos-arm64 1.1.1 OK
r-release-macos-x86_64 1.1.1 4.00 37.00 41.00 OK
r-release-windows-x86_64 1.1.1 6.00 51.00 57.00 OK
r-oldrel-macos-arm64 1.1.1 OK
r-oldrel-macos-x86_64 1.1.1 3.00 42.00 45.00 OK
r-oldrel-windows-x86_64 1.1.1 7.00 63.00 70.00 OK

Check Details

Version: 1.1.1
Check: CRAN incoming feasibility
Result: NOTE Maintainer: ‘Jairo Hidalgo Migueles <jairo.hidalgo.migueles@gmail.com>’ No Authors@R field in DESCRIPTION. Please add one, modifying Authors@R: person(given = c("Jairo", "Hidalgo"), family = "Migueles", role = c("aut", "cre"), email = "jairo.hidalgo.migueles@gmail.com") as necessary. Flavors: r-devel-linux-x86_64-debian-clang, r-devel-linux-x86_64-debian-gcc