Last updated on 2023-01-31 20:52:47 CET.
Flavor | Version | Tinstall | Tcheck | Ttotal | Status | Flags |
---|---|---|---|---|---|---|
r-devel-linux-x86_64-debian-clang | 1.2.1 | 21.55 | 215.91 | 237.46 | NOTE | |
r-devel-linux-x86_64-debian-gcc | 1.2.1 | 15.46 | 157.77 | 173.23 | NOTE | |
r-devel-linux-x86_64-fedora-clang | 1.2.1 | 288.66 | NOTE | |||
r-devel-linux-x86_64-fedora-gcc | 1.2.1 | 295.35 | NOTE | |||
r-devel-windows-x86_64 | 1.2.1 | 99.00 | 289.00 | 388.00 | OK | |
r-patched-linux-x86_64 | 1.2.1 | 20.12 | 207.08 | 227.20 | NOTE | |
r-release-linux-x86_64 | 1.2.1 | 19.00 | 194.82 | 213.82 | NOTE | |
r-release-macos-arm64 | 1.2.1 | 77.00 | NOTE | |||
r-release-macos-x86_64 | 1.2.1 | 136.00 | NOTE | |||
r-release-windows-x86_64 | 1.2.1 | 127.00 | 286.00 | 413.00 | OK | |
r-oldrel-macos-arm64 | 1.2.1 | 98.00 | NOTE | |||
r-oldrel-macos-x86_64 | 1.2.1 | 140.00 | NOTE | |||
r-oldrel-windows-ix86+x86_64 | 1.2.1 | 47.00 | 253.00 | 300.00 | OK |
Version: 1.2.1
Check: package dependencies
Result: NOTE
Packages suggested but not available for checking:
'RGtk2', 'gWidgets2RGtk2'
Flavors: r-devel-linux-x86_64-debian-clang, r-devel-linux-x86_64-debian-gcc, r-devel-linux-x86_64-fedora-clang, r-devel-linux-x86_64-fedora-gcc, r-patched-linux-x86_64, r-release-linux-x86_64, r-release-macos-arm64, r-release-macos-x86_64, r-oldrel-macos-arm64
Version: 1.2.1
Check: installed package size
Result: NOTE
installed size is 5.0Mb
sub-directories of 1Mb or more:
doc 3.7Mb
Flavors: r-devel-linux-x86_64-fedora-clang, r-release-macos-arm64, r-release-macos-x86_64, r-oldrel-macos-arm64, r-oldrel-macos-x86_64
Version: 1.2.1
Check: dependencies in R code
Result: NOTE
Namespace in Imports field not imported from: ‘svglite’
All declared Imports should be used.
Flavors: r-devel-linux-x86_64-fedora-clang, r-devel-linux-x86_64-fedora-gcc, r-release-macos-arm64, r-release-macos-x86_64, r-oldrel-macos-arm64, r-oldrel-macos-x86_64