Last updated on 2024-03-28 19:48:24 CET.
Flavor | Version | Tinstall | Tcheck | Ttotal | Status | Flags |
---|---|---|---|---|---|---|
r-devel-linux-x86_64-debian-clang | 1.0 | 160.60 | 94.01 | 254.61 | OK | |
r-devel-linux-x86_64-debian-gcc | 1.0 | 131.93 | 76.55 | 208.48 | OK | |
r-devel-linux-x86_64-fedora-clang | 1.0 | 360.25 | NOTE | |||
r-devel-linux-x86_64-fedora-gcc | 1.0 | 371.79 | OK | |||
r-devel-windows-x86_64 | 1.0 | 147.00 | 75.00 | 222.00 | NOTE | |
r-patched-linux-x86_64 | 1.0 | 181.15 | 94.94 | 276.09 | OK | |
r-release-linux-x86_64 | 1.0 | 161.43 | 92.90 | 254.33 | OK | |
r-release-macos-arm64 | 1.0 | 158.00 | NOTE | |||
r-release-macos-x86_64 | 1.0 | 224.00 | NOTE | |||
r-release-windows-x86_64 | 1.0 | 140.00 | 91.00 | 231.00 | NOTE | |
r-oldrel-macos-arm64 | 1.0 | 162.00 | NOTE | |||
r-oldrel-windows-x86_64 | 1.0 | 188.00 | 110.00 | 298.00 | NOTE |
Version: 1.0
Check: installed package size
Result: NOTE
installed size is 13.7Mb
sub-directories of 1Mb or more:
R 13.6Mb
Flavors: r-devel-linux-x86_64-fedora-clang, r-devel-windows-x86_64, r-release-macos-arm64, r-release-macos-x86_64, r-release-windows-x86_64, r-oldrel-macos-arm64, r-oldrel-windows-x86_64