Last updated on 2024-04-19 20:56:31 CEST.
Flavor | Version | Tinstall | Tcheck | Ttotal | Status | Flags |
---|---|---|---|---|---|---|
r-devel-linux-x86_64-debian-clang | 1.0.0 | 32.53 | 181.76 | 214.29 | OK | |
r-devel-linux-x86_64-debian-gcc | 1.0.0 | OK | ||||
r-devel-linux-x86_64-fedora-clang | 1.0.0 | 269.99 | OK | |||
r-devel-linux-x86_64-fedora-gcc | 1.0.0 | 258.47 | OK | |||
r-prerel-macos-arm64 | 1.0.0 | 63.00 | OK | |||
r-prerel-windows-x86_64 | 1.0.0 | 20.00 | 122.00 | 142.00 | OK | |
r-patched-linux-x86_64 | 1.0.0 | 0.32 | 2.11 | 2.43 | ERROR | |
r-release-linux-x86_64 | 1.0.0 | 26.90 | 175.25 | 202.15 | OK | |
r-release-macos-arm64 | 1.0.0 | 60.00 | OK | |||
r-release-macos-x86_64 | 1.0.0 | 84.00 | OK | |||
r-release-windows-x86_64 | 1.0.0 | 25.00 | 156.00 | 181.00 | OK | |
r-oldrel-macos-arm64 | 1.0.0 | 46.00 | OK | |||
r-oldrel-windows-x86_64 | 1.0.0 | 28.00 | 155.00 | 183.00 | OK |
Version: 1.0.0
Check: package dependencies
Result: ERROR
Package required but not available: ‘reldist’
See section ‘The DESCRIPTION file’ in the ‘Writing R Extensions’
manual.
Flavor: r-patched-linux-x86_64