Last updated on 2024-04-17 20:57:27 CEST.
Flavor | Version | Tinstall | Tcheck | Ttotal | Status | Flags |
---|---|---|---|---|---|---|
r-devel-linux-x86_64-debian-clang | 0.4.1 | 2.51 | 71.23 | 73.74 | OK | |
r-devel-linux-x86_64-debian-gcc | 0.4.1 | 2.37 | 53.42 | 55.79 | OK | |
r-devel-linux-x86_64-fedora-clang | 0.4.1 | 96.79 | NOTE | |||
r-devel-linux-x86_64-fedora-gcc | 0.4.1 | 103.94 | NOTE | |||
r-prerel-macos-arm64 | 0.4.1 | 54.00 | OK | |||
r-prerel-windows-x86_64 | 0.4.1 | 4.00 | 78.00 | 82.00 | OK | |
r-patched-linux-x86_64 | 0.4.1 | 3.60 | 67.62 | 71.22 | OK | |
r-release-linux-x86_64 | 0.4.1 | 2.36 | 65.05 | 67.41 | OK | |
r-release-macos-arm64 | 0.4.1 | 51.00 | OK | |||
r-release-macos-x86_64 | 0.4.1 | 59.00 | OK | |||
r-release-windows-x86_64 | 0.4.1 | 6.00 | 84.00 | 90.00 | OK | |
r-oldrel-macos-arm64 | 0.4.1 | 34.00 | NOTE | |||
r-oldrel-windows-x86_64 | 0.4.1 | 6.00 | 93.00 | 99.00 | OK |
Version: 0.4.1
Check: dependencies in R code
Result: NOTE
Namespace in Imports field not imported from: ‘tibble’
All declared Imports should be used.
Flavors: r-devel-linux-x86_64-fedora-clang, r-devel-linux-x86_64-fedora-gcc, r-oldrel-macos-arm64