Last updated on 2024-04-18 21:56:44 CEST.
Flavor | Version | Tinstall | Tcheck | Ttotal | Status | Flags |
---|---|---|---|---|---|---|
r-devel-linux-x86_64-debian-clang | 1.0.10 | 44.09 | 418.19 | 462.28 | NOTE | |
r-devel-linux-x86_64-debian-gcc | 1.0.10 | 31.61 | 290.18 | 321.79 | NOTE | |
r-devel-linux-x86_64-fedora-clang | 1.0.10 | 549.39 | NOTE | |||
r-devel-linux-x86_64-fedora-gcc | 1.0.10 | 527.73 | NOTE | |||
r-prerel-macos-arm64 | 1.0.10 | 139.00 | NOTE | |||
r-prerel-windows-x86_64 | 1.0.10 | 34.00 | 250.00 | 284.00 | NOTE | |
r-patched-linux-x86_64 | 1.0.10 | 32.33 | 388.94 | 421.27 | NOTE | |
r-release-linux-x86_64 | 1.0.10 | 35.05 | 392.42 | 427.47 | OK | |
r-release-macos-arm64 | 1.0.10 | 103.00 | OK | |||
r-release-macos-x86_64 | 1.0.10 | 207.00 | OK | |||
r-release-windows-x86_64 | 1.0.10 | 47.00 | 343.00 | 390.00 | OK | |
r-oldrel-macos-arm64 | 1.0.10 | 110.00 | OK | |||
r-oldrel-windows-x86_64 | 1.0.10 | 49.00 | 334.00 | 383.00 | OK |
Version: 1.0.10
Check: Rd files
Result: NOTE
checkRd: (-1) get_ex_data.Rd:31-32: Lost braces in \itemize; meant \describe ?
checkRd: (-1) get_ex_data.Rd:33: Lost braces in \itemize; meant \describe ?
checkRd: (-1) get_ex_data.Rd:34-35: Lost braces in \itemize; meant \describe ?
checkRd: (-1) get_ex_data.Rd:36: Lost braces in \itemize; meant \describe ?
checkRd: (-1) tidy_results.Rd:28-29: Lost braces in \itemize; meant \describe ?
checkRd: (-1) tidy_results.Rd:30: Lost braces in \itemize; meant \describe ?
Flavors: r-devel-linux-x86_64-debian-clang, r-devel-linux-x86_64-debian-gcc, r-devel-linux-x86_64-fedora-clang, r-devel-linux-x86_64-fedora-gcc, r-prerel-macos-arm64, r-prerel-windows-x86_64, r-patched-linux-x86_64