Last updated on 2024-03-28 19:48:24 CET.
Flavor | Version | Tinstall | Tcheck | Ttotal | Status | Flags |
---|---|---|---|---|---|---|
r-devel-linux-x86_64-debian-clang | 0.4.8 | 278.20 | 106.63 | 384.83 | NOTE | |
r-devel-linux-x86_64-debian-gcc | 0.4.8 | 252.22 | 90.43 | 342.65 | NOTE | |
r-devel-linux-x86_64-fedora-clang | 0.4.8 | 465.93 | NOTE | |||
r-devel-linux-x86_64-fedora-gcc | 0.4.8 | 602.28 | NOTE | |||
r-devel-windows-x86_64 | 0.4.8 | 184.00 | 134.00 | 318.00 | NOTE | |
r-patched-linux-x86_64 | 0.4.8 | 289.51 | 113.92 | 403.43 | NOTE | |
r-release-linux-x86_64 | 0.4.8 | 289.65 | 119.52 | 409.17 | OK | |
r-release-macos-arm64 | 0.4.8 | 124.00 | NOTE | |||
r-release-macos-x86_64 | 0.4.8 | 373.00 | NOTE | |||
r-release-windows-x86_64 | 0.4.8 | 262.00 | 159.00 | 421.00 | OK | |
r-oldrel-macos-arm64 | 0.4.8 | 116.00 | NOTE | |||
r-oldrel-windows-x86_64 | 0.4.8 | 263.00 | 144.00 | 407.00 | OK |
Version: 0.4.8
Check: Rd files
Result: NOTE
checkRd: (-1) abess.Rd:260: Lost braces in \itemize; meant \describe ?
checkRd: (-1) abess.Rd:261: Lost braces in \itemize; meant \describe ?
checkRd: (-1) abess.Rd:262: Lost braces in \itemize; meant \describe ?
checkRd: (-1) abess.Rd:263: Lost braces in \itemize; meant \describe ?
checkRd: (-1) coef.abesspca.Rd:16: Lost braces; missing escapes or markup?
16 | This parameter is omitted if {sparse.type = "kpc"}.}
| ^
checkRd: (-1) coef.abesspca.Rd:22: Lost braces; missing escapes or markup?
22 | This parameter is omitted if {sparse.type = "fpc"}.}
| ^
checkRd: (-1) generate.data.Rd:51: Lost braces
51 | code{cortype = 3} denotes the constant structure,
| ^
Flavors: r-devel-linux-x86_64-debian-clang, r-devel-linux-x86_64-debian-gcc, r-devel-linux-x86_64-fedora-clang, r-devel-linux-x86_64-fedora-gcc, r-devel-windows-x86_64, r-patched-linux-x86_64
Version: 0.4.8
Check: installed package size
Result: NOTE
installed size is 88.8Mb
sub-directories of 1Mb or more:
libs 87.8Mb
Flavors: r-release-macos-arm64, r-release-macos-x86_64, r-oldrel-macos-arm64