CRAN Package Check Results for Package abclass

Last updated on 2022-09-27 21:53:43 CEST.

Flavor Version Tinstall Tcheck Ttotal Status Flags
r-devel-linux-x86_64-debian-clang 0.4.0 615.70 45.76 661.46 OK
r-devel-linux-x86_64-debian-gcc 0.4.0 494.57 33.22 527.79 OK
r-devel-linux-x86_64-fedora-clang 0.4.0 919.19 OK
r-devel-linux-x86_64-fedora-gcc 0.4.0 863.08 OK
r-devel-windows-x86_64 0.4.0 371.00 112.00 483.00 OK
r-patched-linux-x86_64 0.4.0 505.38 41.62 547.00 OK
r-release-linux-x86_64 0.4.0 494.56 41.58 536.14 OK
r-release-macos-arm64 0.4.0 225.00 NOTE
r-release-macos-x86_64 0.4.0 247.00 NOTE
r-release-windows-x86_64 0.4.0 394.00 111.00 505.00 OK
r-oldrel-macos-arm64 0.4.0 208.00 NOTE
r-oldrel-macos-x86_64 0.4.0 252.00 NOTE
r-oldrel-windows-ix86+x86_64 0.4.0 1250.00 116.00 1366.00 NOTE

Check Details

Version: 0.4.0
Check: installed package size
Result: NOTE
     installed size is 30.4Mb
     sub-directories of 1Mb or more:
     libs 29.9Mb
Flavors: r-release-macos-arm64, r-release-macos-x86_64, r-oldrel-macos-arm64, r-oldrel-macos-x86_64, r-oldrel-windows-ix86+x86_64