Last updated on 2025-11-24 19:51:02 CET.
| Flavor | Version | Tinstall | Tcheck | Ttotal | Status | Flags |
|---|---|---|---|---|---|---|
| r-devel-linux-x86_64-debian-clang | 1.3 | 9.24 | 77.04 | 86.28 | NOTE | |
| r-devel-linux-x86_64-debian-gcc | 1.3 | 6.63 | 56.89 | 63.52 | NOTE | |
| r-devel-linux-x86_64-fedora-clang | 1.3 | 20.00 | 113.55 | 133.55 | OK | |
| r-devel-linux-x86_64-fedora-gcc | 1.3 | 21.00 | 106.98 | 127.98 | OK | |
| r-devel-windows-x86_64 | 1.3 | 11.00 | 79.00 | 90.00 | OK | |
| r-patched-linux-x86_64 | 1.3 | 8.38 | 72.80 | 81.18 | OK | |
| r-release-linux-x86_64 | 1.3 | 9.14 | 73.46 | 82.60 | OK | |
| r-release-macos-arm64 | 1.3 | OK | ||||
| r-release-macos-x86_64 | 1.3 | 8.00 | 57.00 | 65.00 | OK | |
| r-release-windows-x86_64 | 1.3 | 12.00 | 103.00 | 115.00 | OK | |
| r-oldrel-macos-arm64 | 1.3 | OK | ||||
| r-oldrel-macos-x86_64 | 1.3 | 6.00 | 47.00 | 53.00 | OK | |
| r-oldrel-windows-x86_64 | 1.3 | 15.00 | 100.00 | 115.00 | OK |
Version: 1.3
Check: CRAN incoming feasibility
Result: NOTE
Maintainer: ‘Yushu Shi <shiyushu2006@gmail.com>’
No Authors@R field in DESCRIPTION.
Please add one, modifying
Authors@R: person(given = "Yushu",
family = "Shi",
role = c("aut", "cre"),
email = "shiyushu2006@gmail.com")
as necessary.
Flavors: r-devel-linux-x86_64-debian-clang, r-devel-linux-x86_64-debian-gcc